CRAN Package Check Results for Package linERR

Last updated on 2024-02-29 22:58:48 CET.

Flavor Version Tinstall Tcheck Ttotal Status Flags
r-devel-linux-x86_64-debian-clang 1.0 7.76 86.15 93.91 OK
r-devel-linux-x86_64-debian-gcc 1.0 6.45 67.54 73.99 OK
r-devel-linux-x86_64-fedora-clang 1.0 118.27 NOTE
r-devel-linux-x86_64-fedora-gcc 1.0 115.36 NOTE
r-devel-windows-x86_64 1.0 9.00 85.00 94.00 OK
r-patched-linux-x86_64 1.0 8.72 85.80 94.52 OK
r-release-linux-x86_64 1.0 9.30 85.94 95.24 OK
r-release-macos-arm64 1.0 44.00 OK
r-release-macos-x86_64 1.0 69.00 OK
r-release-windows-x86_64 1.0 12.00 103.00 115.00 OK
r-oldrel-macos-arm64 1.0 44.00 OK
r-oldrel-windows-x86_64 1.0 11.00 102.00 113.00 OK

Check Details

Version: 1.0
Check: compiled code
Result: NOTE File ‘linERR/libs/linERR.so’: Found no calls to: ‘R_registerRoutines’, ‘R_useDynamicSymbols’ It is good practice to register native routines and to disable symbol search. See ‘Writing portable packages’ in the ‘Writing R Extensions’ manual. Flavors: r-devel-linux-x86_64-fedora-clang, r-devel-linux-x86_64-fedora-gcc