CRAN Package Check Results for Package linkprediction

Last updated on 2022-05-20 22:53:14 CEST.

Flavor Version Tinstall Tcheck Ttotal Status Flags
r-devel-linux-x86_64-debian-clang 1.0-0 1.85 40.88 42.73 NOTE
r-devel-linux-x86_64-debian-gcc 1.0-0 2.02 31.96 33.98 NOTE
r-devel-linux-x86_64-fedora-clang 1.0-0 52.68 NOTE
r-devel-linux-x86_64-fedora-gcc 1.0-0 50.88 NOTE
r-devel-windows-x86_64 1.0-0 32.00 61.00 93.00 NOTE
r-patched-linux-x86_64 1.0-0 2.11 40.28 42.39 NOTE
r-release-linux-x86_64 1.0-0 2.56 40.04 42.60 NOTE
r-release-macos-arm64 1.0-0 19.00 NOTE
r-release-macos-x86_64 1.0-0 27.00 NOTE
r-release-windows-x86_64 1.0-0 28.00 64.00 92.00 NOTE
r-oldrel-macos-arm64 1.0-0 25.00 NOTE
r-oldrel-macos-x86_64 1.0-0 28.00 NOTE
r-oldrel-windows-ix86+x86_64 1.0-0 7.00 50.00 57.00 NOTE

Check Details

Version: 1.0-0
Check: LazyData
Result: NOTE
     'LazyData' is specified without a 'data' directory
Flavors: r-devel-linux-x86_64-debian-clang, r-devel-linux-x86_64-debian-gcc, r-devel-linux-x86_64-fedora-clang, r-devel-linux-x86_64-fedora-gcc, r-devel-windows-x86_64, r-patched-linux-x86_64, r-release-linux-x86_64, r-release-macos-arm64, r-release-macos-x86_64, r-release-windows-x86_64, r-oldrel-macos-arm64, r-oldrel-macos-x86_64, r-oldrel-windows-ix86+x86_64