CRAN Package Check Results for Package linprog

Last updated on 2021-11-30 22:54:35 CET.

Flavor Version Tinstall Tcheck Ttotal Status Flags
r-devel-linux-x86_64-debian-clang 0.9-2 3.27 25.96 29.23 NOTE
r-devel-linux-x86_64-debian-gcc 0.9-2 2.33 22.55 24.88 NOTE
r-devel-linux-x86_64-fedora-clang 0.9-2 47.11 NOTE
r-devel-linux-x86_64-fedora-gcc 0.9-2 36.23 NOTE
r-devel-windows-x86_64-new-UL 0.9-2 8.00 59.00 67.00 NOTE
r-devel-windows-x86_64-new-TK 0.9-2 NOTE
r-devel-windows-x86_64-old 0.9-2 5.00 36.00 41.00 NOTE
r-patched-linux-x86_64 0.9-2 3.11 25.00 28.11 NOTE
r-patched-solaris-x86 0.9-2 53.10 NOTE
r-release-linux-x86_64 0.9-2 3.19 25.09 28.28 NOTE
r-release-macos-arm64 0.9-2 NOTE
r-release-macos-x86_64 0.9-2 NOTE
r-release-windows-ix86+x86_64 0.9-2 6.00 34.00 40.00 NOTE
r-oldrel-macos-x86_64 0.9-2 NOTE
r-oldrel-windows-ix86+x86_64 0.9-2 5.00 30.00 35.00 NOTE

Check Details

Version: 0.9-2
Check: top-level files
Result: NOTE
    Non-standard file/directory found at top level:
     'pkg.Rproj'
Flavors: r-devel-linux-x86_64-debian-clang, r-devel-linux-x86_64-debian-gcc, r-devel-linux-x86_64-fedora-clang, r-devel-linux-x86_64-fedora-gcc, r-patched-linux-x86_64, r-release-linux-x86_64

Version: 0.9-2
Check: dependencies in R code
Result: NOTE
    'library' or 'require' call to 'lpSolve' which was already attached by Depends.
     Please remove these calls from your code.
    Package in Depends field not imported from: 'lpSolve'
     These packages need to be imported from (in the NAMESPACE file)
     for when this namespace is loaded but not attached.
Flavors: r-devel-linux-x86_64-debian-clang, r-devel-linux-x86_64-debian-gcc, r-devel-linux-x86_64-fedora-clang, r-devel-linux-x86_64-fedora-gcc, r-devel-windows-x86_64-new-UL, r-devel-windows-x86_64-new-TK, r-devel-windows-x86_64-old, r-patched-linux-x86_64, r-patched-solaris-x86, r-release-linux-x86_64, r-release-macos-arm64, r-release-macos-x86_64, r-release-windows-ix86+x86_64, r-oldrel-macos-x86_64, r-oldrel-windows-ix86+x86_64

Version: 0.9-2
Check: R code for possible problems
Result: NOTE
    solveLP: no visible global function definition for 'lp'
    Undefined global functions or variables:
     lp
Flavors: r-devel-linux-x86_64-debian-clang, r-devel-linux-x86_64-debian-gcc, r-devel-linux-x86_64-fedora-clang, r-devel-linux-x86_64-fedora-gcc, r-devel-windows-x86_64-new-UL, r-devel-windows-x86_64-new-TK, r-devel-windows-x86_64-old, r-patched-linux-x86_64, r-patched-solaris-x86, r-release-linux-x86_64, r-release-macos-arm64, r-release-macos-x86_64, r-release-windows-ix86+x86_64, r-oldrel-macos-x86_64, r-oldrel-windows-ix86+x86_64

Version: 0.9-2
Check: for non-standard things in the check directory
Result: NOTE
    Found the following files/directories:
     'steinh.mps'
Flavors: r-devel-linux-x86_64-debian-clang, r-devel-linux-x86_64-debian-gcc, r-devel-linux-x86_64-fedora-clang, r-devel-linux-x86_64-fedora-gcc, r-patched-linux-x86_64, r-patched-solaris-x86, r-release-linux-x86_64