CRAN Package Check Results for Package lintr

Last updated on 2022-01-23 22:49:45 CET.

Flavor Version Tinstall Tcheck Ttotal Status Flags
r-devel-linux-x86_64-debian-clang 2.0.1 10.27 80.53 90.80 NOTE
r-devel-linux-x86_64-debian-gcc 2.0.1 8.08 66.55 74.63 NOTE
r-devel-linux-x86_64-fedora-clang 2.0.1 103.78 NOTE
r-devel-linux-x86_64-fedora-gcc 2.0.1 106.04 NOTE
r-devel-windows-x86_64-new-UL 2.0.1 103.00 128.00 231.00 NOTE
r-devel-windows-x86_64-new-TK 2.0.1 NOTE
r-patched-linux-x86_64 2.0.1 6.35 76.19 82.54 NOTE
r-release-linux-x86_64 2.0.1 6.27 77.74 84.01 NOTE
r-release-macos-arm64 2.0.1 NOTE
r-release-macos-x86_64 2.0.1 NOTE
r-release-windows-ix86+x86_64 2.0.1 13.00 90.00 103.00 NOTE
r-oldrel-macos-x86_64 2.0.1 OK
r-oldrel-windows-ix86+x86_64 2.0.1 13.00 96.00 109.00 OK

Check Details

Version: 2.0.1
Check: LazyData
Result: NOTE
     'LazyData' is specified without a 'data' directory
Flavors: r-devel-linux-x86_64-debian-clang, r-devel-linux-x86_64-debian-gcc, r-devel-linux-x86_64-fedora-clang, r-devel-linux-x86_64-fedora-gcc, r-devel-windows-x86_64-new-UL, r-devel-windows-x86_64-new-TK, r-patched-linux-x86_64, r-release-linux-x86_64, r-release-macos-arm64, r-release-macos-x86_64, r-release-windows-ix86+x86_64