Last updated on 2022-05-16 22:52:15 CEST.
Flavor | Version | Tinstall | Tcheck | Ttotal | Status | Flags |
---|---|---|---|---|---|---|
r-devel-linux-x86_64-debian-clang | 0.3.1 | 2.84 | 41.29 | 44.13 | NOTE | |
r-devel-linux-x86_64-debian-gcc | 0.3.1 | 2.28 | 31.93 | 34.21 | NOTE | |
r-devel-linux-x86_64-fedora-clang | 0.3.1 | 54.34 | NOTE | |||
r-devel-linux-x86_64-fedora-gcc | 0.3.1 | 51.64 | NOTE | |||
r-devel-windows-x86_64 | 0.3.1 | 46.00 | 58.00 | 104.00 | NOTE | |
r-patched-linux-x86_64 | 0.3.1 | 3.00 | 40.09 | 43.09 | NOTE | |
r-release-linux-x86_64 | 0.3.1 | 2.85 | 40.44 | 43.29 | NOTE | |
r-release-macos-arm64 | 0.3.1 | 17.00 | NOTE | |||
r-release-macos-x86_64 | 0.3.1 | 25.00 | NOTE | |||
r-release-windows-x86_64 | 0.3.1 | 54.00 | 59.00 | 113.00 | NOTE | |
r-oldrel-macos-arm64 | 0.3.1 | 18.00 | NOTE | |||
r-oldrel-macos-x86_64 | 0.3.1 | 33.00 | NOTE | |||
r-oldrel-windows-ix86+x86_64 | 0.3.1 | 7.00 | 53.00 | 60.00 | NOTE |
Version: 0.3.1
Check: LazyData
Result: NOTE
'LazyData' is specified without a 'data' directory
Flavors: r-devel-linux-x86_64-debian-clang, r-devel-linux-x86_64-debian-gcc, r-devel-linux-x86_64-fedora-clang, r-devel-linux-x86_64-fedora-gcc, r-devel-windows-x86_64, r-patched-linux-x86_64, r-release-linux-x86_64, r-release-macos-arm64, r-release-macos-x86_64, r-release-windows-x86_64, r-oldrel-macos-arm64, r-oldrel-macos-x86_64, r-oldrel-windows-ix86+x86_64
Version: 0.3.1
Check: Rd cross-references
Result: NOTE
Undeclared package ‘keras’ in Rd xrefs
Flavor: r-devel-linux-x86_64-fedora-clang