CRAN Package Check Results for Package listdown

Last updated on 2022-01-22 22:52:15 CET.

Flavor Version Tinstall Tcheck Ttotal Status Flags
r-devel-linux-x86_64-debian-clang 0.4.1 2.18 40.52 42.70 NOTE
r-devel-linux-x86_64-debian-gcc 0.4.1 2.03 31.39 33.42 NOTE
r-devel-linux-x86_64-fedora-clang 0.4.1 53.79 NOTE
r-devel-linux-x86_64-fedora-gcc 0.4.1 42.12 NOTE
r-devel-windows-x86_64-new-UL 0.4.1 60.00 63.00 123.00 NOTE
r-devel-windows-x86_64-new-TK 0.4.1 NOTE
r-patched-linux-x86_64 0.4.1 2.63 37.83 40.46 NOTE
r-release-linux-x86_64 0.4.1 2.06 37.88 39.94 NOTE
r-release-macos-arm64 0.4.1 NOTE
r-release-macos-x86_64 0.4.1 NOTE
r-release-windows-ix86+x86_64 0.4.1 6.00 50.00 56.00 NOTE
r-oldrel-macos-x86_64 0.4.1 OK
r-oldrel-windows-ix86+x86_64 0.4.1 6.00 49.00 55.00 OK

Check Details

Version: 0.4.1
Check: LazyData
Result: NOTE
     'LazyData' is specified without a 'data' directory
Flavors: r-devel-linux-x86_64-debian-clang, r-devel-linux-x86_64-debian-gcc, r-devel-linux-x86_64-fedora-clang, r-devel-linux-x86_64-fedora-gcc, r-devel-windows-x86_64-new-UL, r-devel-windows-x86_64-new-TK, r-patched-linux-x86_64, r-release-linux-x86_64, r-release-macos-arm64, r-release-macos-x86_64, r-release-windows-ix86+x86_64