CRAN Package Check Results for Package live

Last updated on 2022-01-28 23:00:40 CET.

Flavor Version Tinstall Tcheck Ttotal Status Flags
r-devel-linux-x86_64-debian-clang 1.5.13 13.83 183.86 197.69 OK
r-devel-linux-x86_64-debian-gcc 1.5.13 9.70 132.60 142.30 OK
r-devel-linux-x86_64-fedora-clang 1.5.13 210.99 NOTE
r-devel-linux-x86_64-fedora-gcc 1.5.13 205.75 NOTE
r-devel-windows-x86_64-new-UL 1.5.13 34.00 197.00 231.00 OK
r-devel-windows-x86_64-new-TK 1.5.13 NOTE
r-patched-linux-x86_64 1.5.13 9.86 154.83 164.69 OK
r-release-linux-x86_64 1.5.13 7.20 157.60 164.80 OK
r-release-macos-arm64 1.5.13 NOTE
r-release-macos-x86_64 1.5.13 NOTE
r-release-windows-ix86+x86_64 1.5.13 27.00 186.00 213.00 OK
r-oldrel-macos-x86_64 1.5.13 NOTE
r-oldrel-windows-ix86+x86_64 1.5.13 28.00 194.00 222.00 OK

Check Details

Version: 1.5.13
Check: dependencies in R code
Result: NOTE
    Namespace in Imports field not imported from: ‘e1071’
     All declared Imports should be used.
Flavors: r-devel-linux-x86_64-fedora-clang, r-devel-linux-x86_64-fedora-gcc, r-devel-windows-x86_64-new-TK, r-release-macos-arm64, r-release-macos-x86_64, r-oldrel-macos-x86_64