CRAN Package Check Results for Package localsolver

Last updated on 2021-11-30 22:54:35 CET.

Flavor Version Tinstall Tcheck Ttotal Status Flags
r-devel-linux-x86_64-debian-clang 2.3 2.65 23.91 26.56 OK --no-examples --no-tests --no-vignettes
r-devel-linux-x86_64-debian-gcc 2.3 1.61 20.41 22.02 OK --no-examples --no-tests --no-vignettes
r-devel-windows-x86_64-new-UL 2.3 8.00 75.00 83.00 OK
r-devel-windows-x86_64-new-TK 2.3 OK --no-examples --no-tests --no-vignettes
r-devel-windows-x86_64-old 2.3 5.00 38.00 43.00 OK
r-patched-linux-x86_64 2.3 2.75 23.00 25.75 OK --no-examples --no-tests --no-vignettes
r-release-linux-x86_64 2.3 2.24 22.98 25.22 OK --no-examples --no-tests --no-vignettes
r-release-macos-arm64 2.3 ERROR
r-release-macos-x86_64 2.3 ERROR
r-release-windows-ix86+x86_64 2.3 5.00 36.00 41.00 OK
r-oldrel-macos-x86_64 2.3 ERROR
r-oldrel-windows-ix86+x86_64 2.3 4.00 43.00 47.00 OK

Check Details

Version: 2.3
Check: examples
Result: ERROR
    Running examples in ‘localsolver-Ex.R’ failed
    The error most likely occurred in:
    
    > ### Name: add.output.expr
    > ### Title: Add expression to output of ls.problem.
    > ### Aliases: add.output.expr
    >
    > ### ** Examples
    >
    > model.text.lsp <- lsp.model.example('extdata/knapsack.txt')
    > lsp <- ls.problem(model.text.lsp)
    sh: localsolver: command not found
    Error in ls.problem(model.text.lsp) :
     has.localsolver(ls.path) is not TRUE
    Calls: ls.problem -> stopifnot
    Execution halted
Flavors: r-release-macos-arm64, r-release-macos-x86_64, r-oldrel-macos-x86_64

Version: 2.3
Check: re-building of vignette outputs
Result: WARN
    Error(s) in re-building vignettes:
     ...
    --- re-building ‘localsolver.Rmd’ using knitr
    sh: localsolver: command not found
    Quitting from lines 66-68 (localsolver.Rmd)
    Error: processing vignette 'localsolver.Rmd' failed with diagnostics:
    has.localsolver(ls.path) is not TRUE
    --- failed re-building ‘localsolver.Rmd’
    
    SUMMARY: processing the following file failed:
     ‘localsolver.Rmd’
    
    Error: Vignette re-building failed.
    Execution halted
Flavors: r-release-macos-arm64, r-release-macos-x86_64, r-oldrel-macos-x86_64