CRAN Package Check Results for Package logger

Last updated on 2021-11-29 22:59:15 CET.

Flavor Version Tinstall Tcheck Ttotal Status Flags
r-devel-linux-x86_64-debian-clang 0.2.2 3.52 47.04 50.56 OK
r-devel-linux-x86_64-debian-gcc 0.2.2 2.82 37.30 40.12 OK
r-devel-linux-x86_64-fedora-clang 0.2.2 73.38 OK
r-devel-linux-x86_64-fedora-gcc 0.2.2 61.46 OK
r-devel-windows-x86_64-new-UL 0.2.2 15.00 121.00 136.00 NOTE
r-devel-windows-x86_64-new-TK 0.2.2 NOTE
r-devel-windows-x86_64-old 0.2.2 7.00 68.00 75.00 NOTE
r-patched-linux-x86_64 0.2.2 4.87 49.32 54.19 OK
r-patched-solaris-x86 0.2.2 84.50 OK
r-release-linux-x86_64 0.2.2 3.26 48.90 52.16 OK
r-release-macos-arm64 0.2.2 OK
r-release-macos-x86_64 0.2.2 OK
r-release-windows-ix86+x86_64 0.2.2 8.00 67.00 75.00 NOTE
r-oldrel-macos-x86_64 0.2.2 OK
r-oldrel-windows-ix86+x86_64 0.2.2 6.00 60.00 66.00 NOTE

Check Details

Version: 0.2.2
Check: package dependencies
Result: NOTE
    Package suggested but not available for checking: 'rsyslog'
Flavors: r-devel-windows-x86_64-new-UL, r-devel-windows-x86_64-new-TK, r-devel-windows-x86_64-old, r-release-windows-ix86+x86_64, r-oldrel-windows-ix86+x86_64

Version: 0.2.2
Check: Rd cross-references
Result: NOTE
    Package unavailable to check Rd xrefs: 'rsyslog'
Flavors: r-devel-windows-x86_64-new-UL, r-devel-windows-x86_64-new-TK, r-devel-windows-x86_64-old, r-release-windows-ix86+x86_64, r-oldrel-windows-ix86+x86_64