CRAN Package Check Results for Package logisticPCA

Last updated on 2022-01-28 23:00:41 CET.

Flavor Version Tinstall Tcheck Ttotal Status Flags
r-devel-linux-x86_64-debian-clang 0.2 4.32 68.99 73.31 OK
r-devel-linux-x86_64-debian-gcc 0.2 3.16 51.23 54.39 OK
r-devel-linux-x86_64-fedora-clang 0.2 87.61 NOTE
r-devel-linux-x86_64-fedora-gcc 0.2 74.04 NOTE
r-devel-windows-x86_64-new-UL 0.2 57.00 101.00 158.00 OK
r-devel-windows-x86_64-new-TK 0.2 OK
r-patched-linux-x86_64 0.2 3.30 63.41 66.71 OK
r-release-linux-x86_64 0.2 3.05 63.36 66.41 OK
r-release-macos-arm64 0.2 OK
r-release-macos-x86_64 0.2 OK
r-release-windows-ix86+x86_64 0.2 10.00 96.00 106.00 OK
r-oldrel-macos-x86_64 0.2 OK
r-oldrel-windows-ix86+x86_64 0.2 9.00 96.00 105.00 OK

Check Details

Version: 0.2
Check: compiled code
Result: NOTE
    File ‘logisticPCA/libs/logisticPCA.so’:
     Found no calls to: ‘R_registerRoutines’, ‘R_useDynamicSymbols’
    
    It is good practice to register native routines and to disable symbol
    search.
    
    See ‘Writing portable packages’ in the ‘Writing R Extensions’ manual.
Flavors: r-devel-linux-x86_64-fedora-clang, r-devel-linux-x86_64-fedora-gcc