Last updated on 2023-05-31 21:58:36 CEST.
Flavor | Version | Tinstall | Tcheck | Ttotal | Status | Flags |
---|---|---|---|---|---|---|
r-devel-linux-x86_64-debian-clang | 1.4.0 | 22.46 | 239.47 | 261.93 | OK | |
r-devel-linux-x86_64-debian-gcc | 1.4.0 | 18.04 | 177.66 | 195.70 | OK | |
r-devel-linux-x86_64-fedora-clang | 1.4.0 | 328.39 | NOTE | |||
r-devel-linux-x86_64-fedora-gcc | 1.4.0 | 352.10 | OK | |||
r-devel-windows-x86_64 | 1.4.0 | 21.00 | 345.00 | 366.00 | OK | |
r-patched-linux-x86_64 | 1.4.0 | OK | ||||
r-release-linux-x86_64 | 1.4.0 | 21.63 | 227.13 | 248.76 | OK | |
r-release-macos-arm64 | 1.4.0 | 148.00 | NOTE | |||
r-release-macos-x86_64 | 1.4.0 | 258.00 | NOTE | |||
r-release-windows-x86_64 | 1.4.0 | 26.00 | 367.00 | 393.00 | OK | |
r-oldrel-macos-arm64 | 1.4.0 | 176.00 | OK | |||
r-oldrel-macos-x86_64 | 1.4.0 | 202.00 | NOTE | |||
r-oldrel-windows-x86_64 | 1.4.0 | 24.00 | 328.00 | 352.00 | OK |
Version: 1.4.0
Check: installed package size
Result: NOTE
installed size is 5.0Mb
sub-directories of 1Mb or more:
doc 1.6Mb
tcl 1.3Mb
Flavor: r-devel-linux-x86_64-fedora-clang
Version: 1.4.0
Check: package dependencies
Result: NOTE
Package suggested but not available for checking: ‘RDRToolbox’
Flavors: r-release-macos-arm64, r-release-macos-x86_64, r-oldrel-macos-x86_64