CRAN Package Check Results for Package lsa

Last updated on 2021-12-02 22:55:57 CET.

Flavor Version Tinstall Tcheck Ttotal Status Flags
r-devel-linux-x86_64-debian-clang 0.73.2 3.03 35.98 39.01 OK
r-devel-linux-x86_64-debian-gcc 0.73.2 2.75 29.03 31.78 OK
r-devel-linux-x86_64-fedora-clang 0.73.2 59.56 NOTE
r-devel-linux-x86_64-fedora-gcc 0.73.2 48.24 NOTE
r-devel-windows-x86_64-new-UL 0.73.2 5.00 79.00 84.00 OK
r-devel-windows-x86_64-new-TK 0.73.2 NOTE
r-devel-windows-x86_64-old 0.73.2 6.00 44.00 50.00 OK
r-patched-linux-x86_64 0.73.2 3.72 34.61 38.33 OK
r-patched-solaris-x86 0.73.2 75.20 NOTE
r-release-linux-x86_64 0.73.2 3.35 34.53 37.88 OK
r-release-macos-arm64 0.73.2 NOTE
r-release-macos-x86_64 0.73.2 NOTE
r-release-windows-ix86+x86_64 0.73.2 7.00 58.00 65.00 OK
r-oldrel-macos-x86_64 0.73.2 NOTE
r-oldrel-windows-ix86+x86_64 0.73.2 17.00 57.00 74.00 OK

Check Details

Version: 0.73.2
Check: data for non-ASCII characters
Result: NOTE
     Note: found 143 marked Latin-1 strings
     Note: found 833 marked UTF-8 strings
Flavors: r-devel-linux-x86_64-fedora-clang, r-devel-linux-x86_64-fedora-gcc, r-devel-windows-x86_64-new-TK, r-patched-solaris-x86, r-release-macos-arm64, r-release-macos-x86_64, r-oldrel-macos-x86_64