CRAN Package Check Results for Package lspline

Last updated on 2024-04-20 21:56:09 CEST.

Flavor Version Tinstall Tcheck Ttotal Status Flags
r-devel-linux-x86_64-debian-clang 1.0-0 1.67 33.84 35.51 NOTE
r-devel-linux-x86_64-debian-gcc 1.0-0 1.52 26.00 27.52 NOTE
r-devel-linux-x86_64-fedora-clang 1.0-0 47.45 NOTE
r-devel-linux-x86_64-fedora-gcc 1.0-0 57.10 NOTE
r-prerel-macos-arm64 1.0-0 24.00 NOTE
r-prerel-windows-x86_64 1.0-0 2.00 47.00 49.00 NOTE
r-patched-linux-x86_64 1.0-0 2.21 33.08 35.29 NOTE
r-release-linux-x86_64 1.0-0 1.86 31.66 33.52 NOTE
r-release-macos-arm64 1.0-0 25.00 NOTE
r-release-macos-x86_64 1.0-0 35.00 NOTE
r-release-windows-x86_64 1.0-0 3.00 45.00 48.00 NOTE
r-oldrel-macos-arm64 1.0-0 22.00 NOTE
r-oldrel-windows-x86_64 1.0-0 3.00 53.00 56.00 NOTE

Check Details

Version: 1.0-0
Check: LazyData
Result: NOTE 'LazyData' is specified without a 'data' directory Flavors: r-devel-linux-x86_64-debian-clang, r-devel-linux-x86_64-debian-gcc, r-devel-linux-x86_64-fedora-clang, r-devel-linux-x86_64-fedora-gcc, r-prerel-macos-arm64, r-prerel-windows-x86_64, r-patched-linux-x86_64, r-release-linux-x86_64, r-release-macos-arm64, r-release-macos-x86_64, r-release-windows-x86_64, r-oldrel-macos-arm64, r-oldrel-windows-x86_64