CRAN Package Check Results for Package lspline

Last updated on 2022-01-17 22:54:42 CET.

Flavor Version Tinstall Tcheck Ttotal Status Flags
r-devel-linux-x86_64-debian-clang 1.0-0 1.67 39.05 40.72 NOTE
r-devel-linux-x86_64-debian-gcc 1.0-0 1.56 29.93 31.49 NOTE
r-devel-linux-x86_64-fedora-clang 1.0-0 50.76 NOTE
r-devel-linux-x86_64-fedora-gcc 1.0-0 39.31 NOTE
r-devel-windows-x86_64-new-UL 1.0-0 23.00 64.00 87.00 NOTE
r-devel-windows-x86_64-new-TK 1.0-0 NOTE
r-patched-linux-x86_64 1.0-0 1.91 35.36 37.27 NOTE
r-release-linux-x86_64 1.0-0 NOTE
r-release-macos-arm64 1.0-0 NOTE
r-release-macos-x86_64 1.0-0 WARN
r-release-windows-ix86+x86_64 1.0-0 4.00 47.00 51.00 NOTE
r-oldrel-macos-x86_64 1.0-0 WARN
r-oldrel-windows-ix86+x86_64 1.0-0 4.00 45.00 49.00 OK

Check Details

Version: 1.0-0
Check: LazyData
Result: NOTE
     'LazyData' is specified without a 'data' directory
Flavors: r-devel-linux-x86_64-debian-clang, r-devel-linux-x86_64-debian-gcc, r-devel-linux-x86_64-fedora-clang, r-devel-linux-x86_64-fedora-gcc, r-devel-windows-x86_64-new-UL, r-devel-windows-x86_64-new-TK, r-patched-linux-x86_64, r-release-linux-x86_64, r-release-macos-arm64, r-release-macos-x86_64, r-release-windows-ix86+x86_64

Version: 1.0-0
Check: re-building of vignette outputs
Result: WARN
    Error(s) in re-building vignettes:
     ...
    --- re-building ‘lspline.Rmd’ using rmarkdown
    Warning in engine$weave(file, quiet = quiet, encoding = enc) :
     Pandoc (>= 1.12.3) not available. Falling back to R Markdown v1.
    Quitting from lines 18-23 (lspline.Rmd)
    Error: processing vignette 'lspline.Rmd' failed with diagnostics:
    object 'params' not found
    --- failed re-building ‘lspline.Rmd’
    
    SUMMARY: processing the following file failed:
     ‘lspline.Rmd’
    
    Error: Vignette re-building failed.
    Execution halted
Flavor: r-release-macos-x86_64

Version: 1.0-0
Check: re-building of vignette outputs
Result: WARN
    Error(s) in re-building vignettes:
     ...
    --- re-building ‘lspline.Rmd’ using rmarkdown
    Warning in engine$weave(file, quiet = quiet, encoding = enc) :
     Pandoc (>= 1.12.3) and/or pandoc-citeproc not available. Falling back to R Markdown v1.
    Quitting from lines 18-23 (lspline.Rmd)
    Error: processing vignette 'lspline.Rmd' failed with diagnostics:
    object 'params' not found
    --- failed re-building ‘lspline.Rmd’
    
    SUMMARY: processing the following file failed:
     ‘lspline.Rmd’
    
    Error: Vignette re-building failed.
    Execution halted
Flavor: r-oldrel-macos-x86_64