CRAN Package Check Results for Package lss2

Last updated on 2024-02-29 22:58:49 CET.

Flavor Version Tinstall Tcheck Ttotal Status Flags
r-devel-linux-x86_64-debian-clang 1.1 8.15 78.82 86.97 NOTE
r-devel-linux-x86_64-debian-gcc 1.1 7.29 61.37 68.66 NOTE
r-devel-linux-x86_64-fedora-clang 1.1 112.64 NOTE
r-devel-linux-x86_64-fedora-gcc 1.1 107.27 NOTE
r-devel-windows-x86_64 1.1 8.00 83.00 91.00 NOTE
r-patched-linux-x86_64 1.1 9.02 79.19 88.21 NOTE
r-release-linux-x86_64 1.1 8.23 77.42 85.65 NOTE
r-release-macos-arm64 1.1 39.00 NOTE
r-release-macos-x86_64 1.1 63.00 NOTE
r-release-windows-x86_64 1.1 9.00 91.00 100.00 NOTE
r-oldrel-macos-arm64 1.1 52.00 NOTE
r-oldrel-windows-x86_64 1.1 10.00 98.00 108.00 NOTE

Check Details

Version: 1.1
Check: LazyData
Result: NOTE 'LazyData' is specified without a 'data' directory Flavors: r-devel-linux-x86_64-debian-clang, r-devel-linux-x86_64-debian-gcc, r-devel-linux-x86_64-fedora-clang, r-devel-linux-x86_64-fedora-gcc, r-devel-windows-x86_64, r-patched-linux-x86_64, r-release-linux-x86_64, r-release-macos-arm64, r-release-macos-x86_64, r-release-windows-x86_64, r-oldrel-macos-arm64, r-oldrel-windows-x86_64