CRAN Package Check Results for Package ltsa

Last updated on 2022-05-28 22:55:12 CEST.

Flavor Version Tinstall Tcheck Ttotal Status Flags
r-devel-linux-x86_64-debian-clang 1.4.6 4.94 40.57 45.51 OK
r-devel-linux-x86_64-debian-gcc 1.4.6 4.16 30.78 34.94 OK
r-devel-linux-x86_64-fedora-clang 1.4.6 55.16 NOTE
r-devel-linux-x86_64-fedora-gcc 1.4.6 43.28 NOTE
r-devel-windows-x86_64 1.4.6 30.00 64.00 94.00 OK
r-patched-linux-x86_64 1.4.6 5.00 38.69 43.69 OK
r-release-linux-x86_64 1.4.6 4.12 38.10 42.22 OK
r-release-macos-arm64 1.4.6 18.00 OK
r-release-macos-x86_64 1.4.6 28.00 OK
r-release-windows-x86_64 1.4.6 16.00 66.00 82.00 OK
r-oldrel-macos-arm64 1.4.6 23.00 OK
r-oldrel-macos-x86_64 1.4.6 35.00 OK
r-oldrel-windows-ix86+x86_64 1.4.6 18.00 41.00 59.00 OK

Check Details

Version: 1.4.6
Check: compiled code
Result: NOTE
    File ‘ltsa/libs/ltsa.so’:
     Found no calls to: ‘R_registerRoutines’, ‘R_useDynamicSymbols’
    
    It is good practice to register native routines and to disable symbol
    search.
    
    See ‘Writing portable packages’ in the ‘Writing R Extensions’ manual.
Flavors: r-devel-linux-x86_64-fedora-clang, r-devel-linux-x86_64-fedora-gcc