CRAN Package Check Results for Package lue

Last updated on 2022-05-18 21:53:19 CEST.

Flavor Version Tinstall Tcheck Ttotal Status Flags
r-devel-linux-x86_64-debian-clang 0.2.1 2.23 52.44 54.67 OK
r-devel-linux-x86_64-debian-gcc 0.2.1 1.80 39.34 41.14 OK
r-devel-linux-x86_64-fedora-clang 0.2.1 63.10 NOTE
r-devel-linux-x86_64-fedora-gcc 0.2.1 63.05 NOTE
r-devel-windows-x86_64 0.2.1 10.00 66.00 76.00 OK
r-patched-linux-x86_64 0.2.1 2.35 49.51 51.86 OK
r-release-linux-x86_64 0.2.1 1.80 50.83 52.63 OK
r-release-macos-arm64 0.2.1 21.00 NOTE
r-release-macos-x86_64 0.2.1 28.00 NOTE
r-release-windows-x86_64 0.2.1 16.00 66.00 82.00 OK
r-oldrel-macos-arm64 0.2.1 18.00 NOTE
r-oldrel-macos-x86_64 0.2.1 30.00 NOTE
r-oldrel-windows-ix86+x86_64 0.2.1 6.00 62.00 68.00 OK

Check Details

Version: 0.2.1
Check: dependencies in R code
Result: NOTE
    Namespaces in Imports field not imported from:
     ‘ncdf4’ ‘raster’
     All declared Imports should be used.
Flavors: r-devel-linux-x86_64-fedora-clang, r-devel-linux-x86_64-fedora-gcc, r-release-macos-arm64, r-release-macos-x86_64, r-oldrel-macos-arm64, r-oldrel-macos-x86_64