CRAN Package Check Results for Package lvnet

Last updated on 2021-12-08 22:57:40 CET.

Flavor Version Tinstall Tcheck Ttotal Status Flags
r-devel-linux-x86_64-debian-clang 0.3.5 0.42 11.54 11.96 ERROR
r-devel-linux-x86_64-debian-gcc 0.3.5 15.62 126.74 142.36 OK
r-devel-linux-x86_64-fedora-clang 0.3.5 230.04 OK
r-devel-linux-x86_64-fedora-gcc 0.3.5 212.72 OK
r-devel-windows-x86_64-new-UL 0.3.5 33.00 199.00 232.00 OK
r-devel-windows-x86_64-new-TK 0.3.5 OK
r-devel-windows-x86_64-old 0.3.5 30.00 142.00 172.00 OK
r-patched-linux-x86_64 0.3.5 17.70 158.21 175.91 OK
r-release-linux-x86_64 0.3.5 17.49 156.06 173.55 OK
r-release-macos-arm64 0.3.5 OK
r-release-macos-x86_64 0.3.5 OK
r-release-windows-ix86+x86_64 0.3.5 29.00 184.00 213.00 OK
r-oldrel-macos-x86_64 0.3.5 OK
r-oldrel-windows-ix86+x86_64 0.3.5 46.00 183.00 229.00 OK

Check Details

Version: 0.3.5
Check: package dependencies
Result: ERROR
    Packages required but not available: 'OpenMx', 'semPlot'
    
    See section 'The DESCRIPTION file' in the 'Writing R Extensions'
    manual.
Flavor: r-devel-linux-x86_64-debian-clang