Last updated on 2023-09-21 23:03:23 CEST.
Flavor | Version | Tinstall | Tcheck | Ttotal | Status | Flags |
---|---|---|---|---|---|---|
r-devel-linux-x86_64-debian-clang | 0.2-13 | 105.24 | 78.13 | 183.37 | OK | |
r-devel-linux-x86_64-debian-gcc | 0.2-13 | 85.30 | 58.11 | 143.41 | OK | |
r-devel-linux-x86_64-fedora-clang | 0.2-13 | 249.52 | OK | |||
r-devel-linux-x86_64-fedora-gcc | 0.2-13 | 286.47 | OK | |||
r-devel-windows-x86_64 | 0.2-13 | 100.00 | 249.00 | 349.00 | NOTE | |
r-patched-linux-x86_64 | 0.2-13 | 111.35 | 74.67 | 186.02 | OK | |
r-release-linux-x86_64 | 0.2-13 | 110.07 | 73.25 | 183.32 | OK | |
r-release-macos-arm64 | 0.2-13 | 70.00 | NOTE | |||
r-release-macos-x86_64 | 0.2-13 | 105.00 | NOTE | |||
r-release-windows-x86_64 | 0.2-13 | 129.00 | 309.00 | 438.00 | NOTE | |
r-oldrel-macos-arm64 | 0.2-13 | 70.00 | NOTE | |||
r-oldrel-macos-x86_64 | 0.2-13 | 91.00 | NOTE | |||
r-oldrel-windows-x86_64 | 0.2-13 | 178.00 | 546.00 | 724.00 | NOTE |
Version: 0.2-13
Check: installed package size
Result: NOTE
installed size is 29.6Mb
sub-directories of 1Mb or more:
gdal 2.9Mb
libs 18.3Mb
proj 8.3Mb
Flavors: r-devel-windows-x86_64, r-release-macos-arm64, r-release-macos-x86_64, r-release-windows-x86_64, r-oldrel-macos-arm64, r-oldrel-macos-x86_64, r-oldrel-windows-x86_64