CRAN Package Check Results for Package lwgeom

Last updated on 2022-01-26 22:54:55 CET.

Flavor Version Tinstall Tcheck Ttotal Status Flags
r-devel-linux-x86_64-debian-clang 0.2-8 92.66 80.97 173.63 OK
r-devel-linux-x86_64-debian-gcc 0.2-8 70.82 62.78 133.60 OK
r-devel-linux-x86_64-fedora-clang 0.2-8 234.09 OK
r-devel-linux-x86_64-fedora-gcc 0.2-8 225.05 OK
r-devel-windows-x86_64-new-UL 0.2-8 451.00 210.00 661.00 NOTE
r-devel-windows-x86_64-new-TK 0.2-8 OK
r-patched-linux-x86_64 0.2-8 85.49 74.41 159.90 OK
r-release-linux-x86_64 0.2-8 77.42 74.53 151.95 OK
r-release-macos-arm64 0.2-8 NOTE
r-release-macos-x86_64 0.2-8 NOTE
r-release-windows-ix86+x86_64 0.2-8 275.00 222.00 497.00 NOTE
r-oldrel-macos-x86_64 0.2-8 NOTE
r-oldrel-windows-ix86+x86_64 0.2-8 274.00 209.00 483.00 NOTE

Additional issues

M1mac

Check Details

Version: 0.2-8
Check: installed package size
Result: NOTE
     installed size is 11.4Mb
     sub-directories of 1Mb or more:
     libs 11.3Mb
Flavors: r-devel-windows-x86_64-new-UL, r-release-macos-arm64, r-release-macos-x86_64, r-release-windows-ix86+x86_64, r-oldrel-macos-x86_64, r-oldrel-windows-ix86+x86_64