CRAN Package Check Results for Package mMARCH.AC

Last updated on 2024-02-25 23:02:13 CET.

Flavor Version Tinstall Tcheck Ttotal Status Flags
r-devel-linux-x86_64-debian-clang 2.9.2.0 28.86 216.97 245.83 NOTE
r-devel-linux-x86_64-debian-gcc 2.9.2.0 23.45 164.56 188.01 NOTE
r-devel-linux-x86_64-fedora-clang 2.9.2.0 329.11 NOTE
r-devel-linux-x86_64-fedora-gcc 2.9.2.0 333.87 NOTE
r-devel-windows-x86_64 2.9.2.0 24.00 154.00 178.00 OK
r-patched-linux-x86_64 2.9.2.0 22.14 216.16 238.30 OK
r-release-linux-x86_64 2.9.2.0 26.92 209.38 236.30 OK
r-release-macos-arm64 2.9.2.0 99.00 OK
r-release-macos-x86_64 2.9.2.0 185.00 OK
r-release-windows-x86_64 2.9.2.0 32.00 191.00 223.00 OK
r-oldrel-macos-arm64 2.9.2.0 86.00 OK
r-oldrel-windows-x86_64 2.9.2.0 31.00 185.00 216.00 OK

Check Details

Version: 2.9.2.0
Check: Rd files
Result: NOTE checkRd: (-1) get_mean_sd_hour.Rd:20: Lost braces 20 | A function for calcualting the average timing of variables (in this case the M10 and L5). Find the average timing mu that min{ sum { min[ (tind_i - mu)^2, (1440 + mu - tind_i )^2 ]}} | ^ checkRd: (-1) get_mean_sd_hour.Rd:20: Lost braces; missing escapes or markup? 20 | A function for calcualting the average timing of variables (in this case the M10 and L5). Find the average timing mu that min{ sum { min[ (tind_i - mu)^2, (1440 + mu - tind_i )^2 ]}} | ^ Flavors: r-devel-linux-x86_64-debian-clang, r-devel-linux-x86_64-debian-gcc, r-devel-linux-x86_64-fedora-clang, r-devel-linux-x86_64-fedora-gcc

Version: 2.9.2.0
Check: dependencies in R code
Result: NOTE Namespaces in Imports field not imported from: ‘ActCR’ ‘ActFrag’ ‘tidyr’ All declared Imports should be used. Flavors: r-devel-linux-x86_64-fedora-clang, r-devel-linux-x86_64-fedora-gcc