Last updated on 2023-09-21 23:03:24 CEST.
Flavor | Version | Tinstall | Tcheck | Ttotal | Status | Flags |
---|---|---|---|---|---|---|
r-devel-linux-x86_64-fedora-clang | 4.0 | 61.59 | OK | |||
r-devel-linux-x86_64-fedora-gcc | 4.0 | 59.64 | OK | |||
r-devel-windows-x86_64 | 4.0 | 6.00 | 52.00 | 58.00 | OK | |
r-release-macos-arm64 | 4.0 | 25.00 | NOTE | |||
r-release-macos-x86_64 | 4.0 | 46.00 | NOTE | |||
r-release-windows-x86_64 | 4.0 | 5.00 | 57.00 | 62.00 | OK | |
r-oldrel-macos-arm64 | 4.0 | 35.00 | NOTE | |||
r-oldrel-macos-x86_64 | 4.0 | 49.00 | NOTE | |||
r-oldrel-windows-x86_64 | 4.0 | 9.00 | 58.00 | 67.00 | OK |
Version: 4.0
Check: package dependencies
Result: NOTE
Packages suggested but not available for checking:
'ssize', 'GEOquery', 'GEOmetadb', 'WGCNA', 'pdInfoBuilder', 'lumi',
'oligo', 'GOstats'
Flavor: r-release-macos-arm64
Version: 4.0
Check: package dependencies
Result: NOTE
Packages suggested but not available for checking:
'ssize', 'WGCNA', 'KEGGgraph', 'pdInfoBuilder', 'lumi', 'oligo',
'affy', 'genefilter', 'beadarray', 'GOstats', 'Category', 'impute'
Flavor: r-release-macos-x86_64
Version: 4.0
Check: package dependencies
Result: NOTE
Packages suggested but not available for checking: 'pdInfoBuilder', 'oligo'
Flavor: r-oldrel-macos-arm64
Version: 4.0
Check: package dependencies
Result: NOTE
Package suggested but not available for checking: ‘ssize’
Flavor: r-oldrel-macos-x86_64