CRAN Package Check Results for Package maat

Last updated on 2022-01-28 23:00:41 CET.

Flavor Version Tinstall Tcheck Ttotal Status Flags
r-devel-linux-x86_64-debian-clang 1.0.2 11.29 164.15 175.44 OK
r-devel-linux-x86_64-debian-gcc 1.0.2 9.99 128.84 138.83 OK
r-devel-linux-x86_64-fedora-clang 1.0.2 207.76 NOTE
r-devel-linux-x86_64-fedora-gcc 1.0.2 206.38 NOTE
r-devel-windows-x86_64-new-UL 1.0.2 108.00 201.00 309.00 OK
r-devel-windows-x86_64-new-TK 1.0.2 NOTE
r-patched-linux-x86_64 1.0.2 14.68 160.79 175.47 OK
r-release-linux-x86_64 1.0.2 9.21 159.92 169.13 OK
r-release-macos-arm64 1.0.2 NOTE
r-release-macos-x86_64 1.0.2 NOTE
r-release-windows-ix86+x86_64 1.0.2 23.00 205.00 228.00 OK
r-oldrel-macos-x86_64 1.0.2 NOTE
r-oldrel-windows-ix86+x86_64 1.0.2 25.00 200.00 225.00 OK

Check Details

Version: 1.0.2
Check: dependencies in R code
Result: NOTE
    Namespace in Imports field not imported from: ‘Rdpack’
     All declared Imports should be used.
Flavors: r-devel-linux-x86_64-fedora-clang, r-devel-linux-x86_64-fedora-gcc, r-devel-windows-x86_64-new-TK, r-release-macos-arm64, r-release-macos-x86_64, r-oldrel-macos-x86_64