CRAN Package Check Results for Package mable

Last updated on 2024-03-03 22:58:55 CET.

Flavor Version Tinstall Tcheck Ttotal Status Flags
r-devel-linux-x86_64-debian-clang 3.1.3 24.05 149.17 173.22 NOTE
r-devel-linux-x86_64-debian-gcc 3.1.3 19.79 110.60 130.39 NOTE
r-devel-linux-x86_64-fedora-clang 3.1.3 222.49 NOTE
r-devel-linux-x86_64-fedora-gcc 3.1.3 226.99 NOTE
r-devel-windows-x86_64 3.1.3 20.00 194.00 214.00 OK
r-patched-linux-x86_64 3.1.3 23.09 144.34 167.43 OK
r-release-linux-x86_64 3.1.3 24.40 142.56 166.96 OK
r-release-macos-arm64 3.1.3 76.00 OK
r-release-macos-x86_64 3.1.3 198.00 OK
r-release-windows-x86_64 3.1.3 25.00 193.00 218.00 OK
r-oldrel-macos-arm64 3.1.3 88.00 OK
r-oldrel-windows-x86_64 3.1.3 24.00 188.00 212.00 OK

Check Details

Version: 3.1.3
Check: Rd files
Result: NOTE checkRd: (-1) mable.dr.Rd:23: Lost braces 23 | \item{x, y}{original two sample raw data, code{x}:"Control", \code{y}: "Case".} | ^ checkRd: (-1) mable.dr.group.Rd:26: Lost braces 26 | specified by \code{t}. code{n0}:"Control", \code{n1}: "Case".} | ^ checkRd: (-1) mable.reg.Rd:50: Lost braces 50 | Wrapping all code{mable} fit of regression models in one function. | ^ checkRd: (-1) maple.dr.Rd:23: Lost braces 23 | \item{x, y}{original two sample raw data, code{x}:"Control", \code{y}: "Case".} | ^ checkRd: (-1) maple.dr.group.Rd:27: Lost braces 27 | specified by \code{t}. code{n0}:"Control", \code{n1}: "Case".} | ^ Flavors: r-devel-linux-x86_64-debian-clang, r-devel-linux-x86_64-debian-gcc, r-devel-linux-x86_64-fedora-clang, r-devel-linux-x86_64-fedora-gcc