CRAN Package Check Results for Package maczic

Last updated on 2022-01-28 23:00:41 CET.

Flavor Version Tinstall Tcheck Ttotal Status Flags
r-devel-linux-x86_64-debian-clang 0.2.0 24.96 185.25 210.21 OK
r-devel-linux-x86_64-debian-gcc 0.2.0 19.73 133.65 153.38 OK
r-devel-linux-x86_64-fedora-clang 0.2.0 261.50 NOTE
r-devel-linux-x86_64-fedora-gcc 0.2.0 262.35 NOTE
r-devel-windows-x86_64-new-UL 0.2.0 37.00 191.00 228.00 OK
r-devel-windows-x86_64-new-TK 0.2.0 ERROR
r-patched-linux-x86_64 0.2.0 30.04 183.40 213.44 OK
r-release-linux-x86_64 0.2.0 23.21 183.85 207.06 OK
r-release-macos-arm64 0.2.0 NOTE
r-release-macos-x86_64 0.2.0 NOTE
r-release-windows-ix86+x86_64 0.2.0 54.00 204.00 258.00 OK
r-oldrel-macos-x86_64 0.2.0 NOTE
r-oldrel-windows-ix86+x86_64 0.2.0 189.00 207.00 396.00 OK

Check Details

Version: 0.2.0
Check: dependencies in R code
Result: NOTE
    Namespace in Imports field not imported from: ‘mathjaxr’
     All declared Imports should be used.
Flavors: r-devel-linux-x86_64-fedora-clang, r-devel-linux-x86_64-fedora-gcc, r-release-macos-arm64, r-release-macos-x86_64, r-oldrel-macos-x86_64

Version: 0.2.0
Check: package dependencies
Result: ERROR
    Package required but not available: 'mediation'
    
    See section 'The DESCRIPTION file' in the 'Writing R Extensions'
    manual.
Flavor: r-devel-windows-x86_64-new-TK