CRAN Package Check Results for Package madgrad

Last updated on 2022-05-19 22:54:14 CEST.

Flavor Version Tinstall Tcheck Ttotal Status Flags
r-devel-linux-x86_64-debian-clang 0.1.0 3.52 41.46 44.98 OK
r-devel-linux-x86_64-debian-gcc 0.1.0 2.29 31.95 34.24 OK
r-devel-linux-x86_64-fedora-clang 0.1.0 53.99 NOTE
r-devel-linux-x86_64-fedora-gcc 0.1.0 52.56 NOTE
r-devel-windows-x86_64 0.1.0 9.00 55.00 64.00 OK
r-patched-linux-x86_64 0.1.0 3.06 39.25 42.31 OK
r-release-linux-x86_64 0.1.0 3.30 39.24 42.54 OK
r-release-macos-arm64 0.1.0 19.00 NOTE
r-release-macos-x86_64 0.1.0 25.00 NOTE
r-release-windows-x86_64 0.1.0 13.00 55.00 68.00 OK
r-oldrel-macos-arm64 0.1.0 22.00 NOTE
r-oldrel-macos-x86_64 0.1.0 27.00 NOTE
r-oldrel-windows-ix86+x86_64 0.1.0 8.00 54.00 62.00 OK

Check Details

Version: 0.1.0
Check: dependencies in R code
Result: NOTE
    Namespaces in Imports field not imported from:
     ‘rlang’ ‘torch’
     All declared Imports should be used.
Flavors: r-devel-linux-x86_64-fedora-clang, r-devel-linux-x86_64-fedora-gcc, r-release-macos-arm64, r-release-macos-x86_64, r-oldrel-macos-arm64, r-oldrel-macos-x86_64