CRAN Package Check Results for Package mand

Last updated on 2022-01-27 23:01:07 CET.

Flavor Version Tinstall Tcheck Ttotal Status Flags
r-devel-linux-x86_64-debian-clang 1.0 18.16 241.71 259.87 OK
r-devel-linux-x86_64-debian-gcc 1.0 14.97 174.93 189.90 OK
r-devel-linux-x86_64-fedora-clang 1.0 294.67 NOTE
r-devel-linux-x86_64-fedora-gcc 1.0 291.38 OK
r-devel-windows-x86_64-new-UL 1.0 80.00 295.00 375.00 NOTE
r-devel-windows-x86_64-new-TK 1.0 OK
r-patched-linux-x86_64 1.0 19.47 225.68 245.15 OK
r-release-linux-x86_64 1.0 11.89 221.82 233.71 OK
r-release-macos-arm64 1.0 NOTE
r-release-macos-x86_64 1.0 NOTE
r-release-windows-ix86+x86_64 1.0 39.00 274.00 313.00 NOTE
r-oldrel-macos-x86_64 1.0 NOTE
r-oldrel-windows-ix86+x86_64 1.0 40.00 276.00 316.00 NOTE

Check Details

Version: 1.0
Check: installed package size
Result: NOTE
     installed size is 7.2Mb
     sub-directories of 1Mb or more:
     doc 6.7Mb
Flavors: r-devel-linux-x86_64-fedora-clang, r-devel-windows-x86_64-new-UL, r-release-macos-arm64, r-release-macos-x86_64, r-release-windows-ix86+x86_64, r-oldrel-macos-x86_64, r-oldrel-windows-ix86+x86_64