CRAN Package Check Results for Package mandelbrot

Last updated on 2022-05-22 22:51:43 CEST.

Flavor Version Tinstall Tcheck Ttotal Status Flags
r-devel-linux-x86_64-debian-clang 0.2.0 2.62 36.25 38.87 NOTE
r-devel-linux-x86_64-debian-gcc 0.2.0 2.22 28.50 30.72 NOTE
r-devel-linux-x86_64-fedora-clang 0.2.0 48.84 NOTE
r-devel-linux-x86_64-fedora-gcc 0.2.0 37.03 NOTE
r-devel-windows-x86_64 0.2.0 12.00 55.00 67.00 NOTE
r-patched-linux-x86_64 0.2.0 2.60 35.33 37.93 NOTE
r-release-linux-x86_64 0.2.0 2.33 35.19 37.52 NOTE
r-release-macos-arm64 0.2.0 20.00 NOTE
r-release-macos-x86_64 0.2.0 25.00 NOTE
r-release-windows-x86_64 0.2.0 27.00 55.00 82.00 NOTE
r-oldrel-macos-arm64 0.2.0 27.00 NOTE
r-oldrel-macos-x86_64 0.2.0 31.00 NOTE
r-oldrel-windows-ix86+x86_64 0.2.0 8.00 69.00 77.00 NOTE

Check Details

Version: 0.2.0
Check: LazyData
Result: NOTE
     'LazyData' is specified without a 'data' directory
Flavors: r-devel-linux-x86_64-debian-clang, r-devel-linux-x86_64-debian-gcc, r-devel-linux-x86_64-fedora-clang, r-devel-linux-x86_64-fedora-gcc, r-devel-windows-x86_64, r-patched-linux-x86_64, r-release-linux-x86_64, r-release-macos-arm64, r-release-macos-x86_64, r-release-windows-x86_64, r-oldrel-macos-arm64, r-oldrel-macos-x86_64, r-oldrel-windows-ix86+x86_64