CRAN Package Check Results for Package manydata

Last updated on 2024-02-27 23:08:17 CET.

Flavor Version Tinstall Tcheck Ttotal Status Flags
r-devel-linux-x86_64-debian-clang 0.9.2 11.19 95.31 106.50 OK
r-devel-linux-x86_64-debian-gcc 0.9.2 8.05 71.65 79.70 OK
r-devel-linux-x86_64-fedora-clang 0.9.2 138.93 NOTE
r-devel-linux-x86_64-fedora-gcc 0.9.2 124.49 NOTE
r-devel-windows-x86_64 0.8.3 9.00 108.00 117.00 OK
r-patched-linux-x86_64 0.8.3 7.34 106.41 113.75 OK
r-release-linux-x86_64 0.9.2 6.68 91.17 97.85 OK
r-release-macos-arm64 0.9.2 44.00 OK
r-release-macos-x86_64 0.9.2 91.00 OK
r-release-windows-x86_64 0.9.2 12.00 116.00 128.00 OK
r-oldrel-macos-arm64 0.9.2 44.00 OK
r-oldrel-windows-x86_64 0.9.2 13.00 123.00 136.00 OK

Check Details

Version: 0.9.2
Check: data for non-ASCII characters
Result: NOTE Note: found 3 marked UTF-8 strings Flavors: r-devel-linux-x86_64-fedora-clang, r-devel-linux-x86_64-fedora-gcc