CRAN Package Check Results for Package mapping

Last updated on 2022-01-20 22:54:07 CET.

Flavor Version Tinstall Tcheck Ttotal Status Flags
r-devel-linux-x86_64-debian-clang 1.3 OK
r-devel-linux-x86_64-debian-gcc 1.3 38.95 352.98 391.93 OK
r-devel-linux-x86_64-fedora-clang 1.3 660.38 NOTE
r-devel-linux-x86_64-fedora-gcc 1.3 606.75 NOTE
r-devel-windows-x86_64-new-UL 1.3 96.00 658.00 754.00 OK
r-devel-windows-x86_64-new-TK 1.3 NOTE
r-patched-linux-x86_64 1.3 47.47 460.63 508.10 OK
r-release-linux-x86_64 1.3 30.88 457.81 488.69 OK
r-release-macos-arm64 1.3 NOTE
r-release-macos-x86_64 1.3 NOTE
r-release-windows-ix86+x86_64 1.3 104.00 586.00 690.00 OK
r-oldrel-macos-x86_64 1.3 NOTE
r-oldrel-windows-ix86+x86_64 1.3 109.00 596.00 705.00 OK

Check Details

Version: 1.3
Check: data for non-ASCII characters
Result: NOTE
     Note: found 29618 marked UTF-8 strings
Flavors: r-devel-linux-x86_64-fedora-clang, r-devel-linux-x86_64-fedora-gcc, r-devel-windows-x86_64-new-TK, r-release-macos-arm64, r-release-macos-x86_64, r-oldrel-macos-x86_64