CRAN Package Check Results for Package marked

Last updated on 2021-12-02 22:55:57 CET.

Flavor Version Tinstall Tcheck Ttotal Status Flags
r-devel-linux-x86_64-debian-clang 1.2.6 33.67 208.85 242.52 OK
r-devel-linux-x86_64-debian-gcc 1.2.6 26.80 158.66 185.46 OK
r-devel-linux-x86_64-fedora-clang 1.2.6 302.44 NOTE
r-devel-linux-x86_64-fedora-gcc 1.2.6 287.72 NOTE
r-devel-windows-x86_64-new-UL 1.2.6 69.00 289.00 358.00 OK
r-devel-windows-x86_64-new-TK 1.2.6 NOTE
r-devel-windows-x86_64-old 1.2.6 53.00 200.00 253.00 OK
r-patched-linux-x86_64 1.2.6 31.79 195.66 227.45 OK
r-patched-solaris-x86 1.2.6 247.50 NOTE
r-release-linux-x86_64 1.2.6 31.26 195.50 226.76 OK
r-release-macos-arm64 1.2.6 NOTE
r-release-macos-x86_64 1.2.6 NOTE
r-release-windows-ix86+x86_64 1.2.6 81.00 295.00 376.00 OK
r-oldrel-macos-x86_64 1.2.6 NOTE
r-oldrel-windows-ix86+x86_64 1.2.6 81.00 290.00 371.00 OK

Check Details

Version: 1.2.6
Check: dependencies in R code
Result: NOTE
    Namespaces in Imports field not imported from:
     ‘bookdown’ ‘kableExtra’ ‘knitr’
     All declared Imports should be used.
Flavors: r-devel-linux-x86_64-fedora-clang, r-devel-linux-x86_64-fedora-gcc, r-devel-windows-x86_64-new-TK, r-patched-solaris-x86, r-release-macos-arm64, r-release-macos-x86_64, r-oldrel-macos-x86_64