Last updated on 2023-03-21 22:56:11 CET.
Flavor | Version | Tinstall | Tcheck | Ttotal | Status | Flags |
---|---|---|---|---|---|---|
r-devel-linux-x86_64-debian-clang | 1.0.9 | 39.85 | 440.63 | 480.48 | WARN | |
r-devel-linux-x86_64-debian-gcc | 1.0.9 | 36.34 | 330.87 | 367.21 | WARN | |
r-devel-linux-x86_64-fedora-clang | 1.0.9 | 604.63 | WARN | |||
r-devel-linux-x86_64-fedora-gcc | 1.0.9 | 605.47 | WARN | |||
r-patched-linux-x86_64 | 1.0.9 | 46.28 | 409.09 | 455.37 | OK | |
r-release-linux-x86_64 | 1.0.9 | 42.15 | 410.71 | 452.86 | OK | |
r-release-macos-arm64 | 1.0.9 | 129.00 | OK | |||
r-release-macos-x86_64 | 1.0.9 | 185.00 | OK | |||
r-release-windows-x86_64 | 1.0.9 | 62.00 | 446.00 | 508.00 | OK | |
r-oldrel-macos-arm64 | 1.0.9 | 125.00 | OK | |||
r-oldrel-macos-x86_64 | 1.0.9 | 182.00 | OK | |||
r-oldrel-windows-ix86+x86_64 | 1.0.9 | 91.00 | 437.00 | 528.00 | OK |
Version: 1.0.9
Check: S3 generic/method consistency
Result: WARN
autoplot:
function(object, ...)
autoplot.bathy:
function(x, geom, mapping, coast, ...)
fortify:
function(model, data, ...)
fortify.bathy:
function(x, ...)
See section ‘Generic functions and methods’ in the ‘Writing R
Extensions’ manual.
Flavors: r-devel-linux-x86_64-debian-clang, r-devel-linux-x86_64-debian-gcc, r-devel-linux-x86_64-fedora-clang, r-devel-linux-x86_64-fedora-gcc