Last updated on 2023-03-24 22:55:15 CET.
Flavor | Version | Tinstall | Tcheck | Ttotal | Status | Flags |
---|---|---|---|---|---|---|
r-devel-linux-x86_64-debian-clang | 1.1.6 | 280.02 | 90.05 | 370.07 | NOTE | |
r-devel-linux-x86_64-debian-gcc | 1.1.6 | 214.46 | 68.88 | 283.34 | NOTE | |
r-devel-linux-x86_64-fedora-clang | 1.1.6 | 562.97 | NOTE | |||
r-devel-linux-x86_64-fedora-gcc | 1.1.6 | 479.56 | NOTE | |||
r-patched-linux-x86_64 | 1.1.6 | 230.13 | 79.45 | 309.58 | OK | |
r-release-linux-x86_64 | 1.1.6 | 220.16 | 80.08 | 300.24 | OK | |
r-release-macos-arm64 | 1.1.6 | 117.00 | NOTE | |||
r-release-macos-x86_64 | 1.1.6 | 140.00 | NOTE | |||
r-release-windows-x86_64 | 1.1.6 | 424.00 | 157.00 | 581.00 | OK | |
r-oldrel-macos-arm64 | 1.1.3 | 100.00 | NOTE | |||
r-oldrel-macos-x86_64 | 1.1.3 | 91.00 | NOTE | |||
r-oldrel-windows-ix86+x86_64 | 1.1.3 | 337.00 | 128.00 | 465.00 | OK |
Version: 1.1.6
Check: C++ specification
Result: NOTE
Specified C++11: please drop specification unless essential
Flavors: r-devel-linux-x86_64-debian-clang, r-devel-linux-x86_64-debian-gcc, r-devel-linux-x86_64-fedora-clang, r-devel-linux-x86_64-fedora-gcc
Version: 1.1.6
Check: installed package size
Result: NOTE
installed size is 14.8Mb
sub-directories of 1Mb or more:
libs 13.8Mb
Flavors: r-release-macos-arm64, r-release-macos-x86_64
Version: 1.1.3
Check: installed package size
Result: NOTE
installed size is 10.0Mb
sub-directories of 1Mb or more:
libs 9.4Mb
Flavors: r-oldrel-macos-arm64, r-oldrel-macos-x86_64