CRAN Package Check Results for Package matrixpls

Last updated on 2021-12-05 22:48:57 CET.

Flavor Version Tinstall Tcheck Ttotal Status Flags
r-devel-linux-x86_64-debian-clang 1.0.13 5.39 77.73 83.12 OK
r-devel-linux-x86_64-debian-gcc 1.0.13 4.54 58.51 63.05 OK
r-devel-linux-x86_64-fedora-clang 1.0.13 100.75 NOTE
r-devel-linux-x86_64-fedora-gcc 1.0.13 89.93 OK
r-devel-windows-x86_64-new-UL 1.0.13 15.00 107.00 122.00 OK
r-devel-windows-x86_64-new-TK 1.0.13 OK
r-devel-windows-x86_64-old 1.0.13 10.00 70.00 80.00 OK
r-patched-linux-x86_64 1.0.13 6.28 66.86 73.14 OK
r-release-linux-x86_64 1.0.13 6.22 75.35 81.57 OK
r-release-macos-arm64 1.0.13 NOTE
r-release-macos-x86_64 1.0.13 NOTE
r-release-windows-ix86+x86_64 1.0.13 12.00 97.00 109.00 OK
r-oldrel-macos-x86_64 1.0.13 NOTE
r-oldrel-windows-ix86+x86_64 1.0.13 11.00 89.00 100.00 OK

Check Details

Version: 1.0.13
Check: Rd cross-references
Result: NOTE
    Undeclared package ‘sem’ in Rd xrefs
Flavor: r-devel-linux-x86_64-fedora-clang

Version: 1.0.13
Check: package dependencies
Result: NOTE
    Package suggested but not available for checking: ‘ASGSCA’
Flavors: r-release-macos-arm64, r-release-macos-x86_64, r-oldrel-macos-x86_64