CRAN Package Check Results for Package matsindf

Last updated on 2022-01-20 22:54:08 CET.

Flavor Version Tinstall Tcheck Ttotal Status Flags
r-devel-linux-x86_64-debian-clang 0.3.10 OK
r-devel-linux-x86_64-debian-gcc 0.3.10 2.41 44.92 47.33 OK
r-devel-linux-x86_64-fedora-clang 0.3.10 75.05 OK
r-devel-linux-x86_64-fedora-gcc 0.3.10 63.38 OK
r-devel-windows-x86_64-new-UL 0.3.10 54.00 88.00 142.00 OK
r-devel-windows-x86_64-new-TK 0.3.10 OK
r-patched-linux-x86_64 0.3.10 7.63 58.64 66.27 OK
r-release-linux-x86_64 0.3.10 1.99 60.02 62.01 OK
r-release-macos-arm64 0.3.10 OK
r-release-macos-x86_64 0.3.10 OK
r-release-windows-ix86+x86_64 0.3.10 8.00 73.00 81.00 OK
r-oldrel-macos-x86_64 0.3.10 ERROR
r-oldrel-windows-ix86+x86_64 0.3.10 8.00 64.00 72.00 ERROR

Check Details

Version: 0.3.10
Check: package dependencies
Result: NOTE
    Package suggested but not available for checking: ‘RCLabels’
Flavors: r-oldrel-macos-x86_64, r-oldrel-windows-ix86+x86_64

Version: 0.3.10
Check: tests
Result: ERROR
     Running ‘spelling.R’ [0s/0s]
     Running ‘testthat.R’ [1s/1s]
    Running the tests in ‘tests/testthat.R’ failed.
    Complete output:
     > library(testthat)
     >
     > test_check("matsindf")
     Loading required package: matsindf
     Error in parse(con, n = -1, srcfile = srcfile, encoding = "UTF-8") :
     test-collapse.R:172:28: unexpected '>'
     171: tidyr::pivot_wider(names_from = matrix, values_from = vals)
     172: expect_null(mats$U[[1]] |>
     ^
     Calls: test_check ... doTryCatch -> lapply -> FUN -> source_file -> parse
     Execution halted
Flavor: r-oldrel-macos-x86_64

Version: 0.3.10
Check: for unstated dependencies in ‘tests’
Result: WARN
    Warning: parse error in file 'testthat/test-collapse.R':
    172:28: unexpected '>'
    171: tidyr::pivot_wider(names_from = matrix, values_from = vals)
    172: expect_null(mats$U[[1]] |>
     ^
Flavor: r-oldrel-windows-ix86+x86_64

Version: 0.3.10
Check: tests
Result: ERROR
     Running 'spelling.R' [0s]
     Running 'testthat.R' [1s]
    Running the tests in 'tests/testthat.R' failed.
    Complete output:
     > library(testthat)
     >
     > test_check("matsindf")
     Loading required package: matsindf
     Error in parse(con, n = -1, srcfile = srcfile, encoding = "UTF-8") :
     test-collapse.R:172:28: unexpected '>'
     171: tidyr::pivot_wider(names_from = matrix, values_from = vals)
     172: expect_null(mats$U[[1]] |>
     ^
     Calls: test_check ... doTryCatch -> lapply -> FUN -> source_file -> parse
     Execution halted
Flavor: r-oldrel-windows-ix86+x86_64