CRAN Package Check Results for Package maxLik

Last updated on 2024-05-25 21:57:04 CEST.

Flavor Version Tinstall Tcheck Ttotal Status Flags
r-devel-linux-x86_64-debian-clang 1.5-2.1 8.80 136.68 145.48 OK
r-devel-linux-x86_64-debian-gcc 1.5-2.1 6.79 100.54 107.33 OK
r-devel-linux-x86_64-fedora-clang 1.5-2.1 177.07 OK
r-devel-linux-x86_64-fedora-gcc 1.5-2.1 182.92 OK
r-devel-windows-x86_64 1.5-2.1 7.00 154.00 161.00 OK
r-patched-linux-x86_64 1.5-2.1 11.11 128.72 139.83 OK
r-release-linux-x86_64 1.5-2.1 5.81 126.31 132.12 OK
r-release-macos-arm64 1.5-2.1 57.00 WARN
r-release-macos-x86_64 1.5-2.1 179.00 OK
r-release-windows-x86_64 1.5-2.1 9.00 156.00 165.00 OK
r-oldrel-macos-arm64 1.5-2.1 71.00 NOTE
r-oldrel-macos-x86_64 1.5-2.1 202.00 OK
r-oldrel-windows-x86_64 1.5-2.1 10.00 174.00 184.00 OK

Check Details

Version: 1.5-2.1
Check: re-building of vignette outputs
Result: WARN Error(s) in re-building vignettes: --- re-building ‘intro-to-maximum-likelihood.Rnw’ using Sweave Loading required package: miscTools Please cite the 'maxLik' package as: Henningsen, Arne and Toomet, Ott (2011). maxLik: A package for maximum likelihood estimation in R. Computational Statistics 26(3), 443-458. DOI 10.1007/s00180-010-0217-1. If you have questions, suggestions, or comments regarding the 'maxLik' package, please use a forum or 'tracker' at maxLik's R-Forge site: https://r-forge.r-project.org/projects/maxlik/ Warning in log(sigma) : NaNs produced Loading required package: plot3D --- finished re-building ‘intro-to-maximum-likelihood.Rnw’ --- re-building ‘stochastic-gradient-maxLik.Rnw’ using Sweave Loading required package: miscTools Please cite the 'maxLik' package as: Henningsen, Arne and Toomet, Ott (2011). maxLik: A package for maximum likelihood estimation in R. Computational Statistics 26(3), 443-458. DOI 10.1007/s00180-010-0217-1. If you have questions, suggestions, or comments regarding the 'maxLik' package, please use a forum or 'tracker' at maxLik's R-Forge site: https://r-forge.r-project.org/projects/maxlik/ --- finished re-building ‘stochastic-gradient-maxLik.Rnw’ --- re-building ‘using-maxlik.Rnw’ using Sweave Loading required package: miscTools Please cite the 'maxLik' package as: Henningsen, Arne and Toomet, Ott (2011). maxLik: A package for maximum likelihood estimation in R. Computational Statistics 26(3), 443-458. DOI 10.1007/s00180-010-0217-1. If you have questions, suggestions, or comments regarding the 'maxLik' package, please use a forum or 'tracker' at maxLik's R-Forge site: https://r-forge.r-project.org/projects/maxlik/ Warning in dnorm(x, mean = mu, sd = sigma, log = TRUE) : NaNs produced Warning in dnorm(x, mean = mu, sd = sigma, log = TRUE) : NaNs produced Warning in dnorm(x, mean = mu, sd = sigma, log = TRUE) : NaNs produced Warning in dnorm(x, mean = mu, sd = sigma, log = TRUE) : NaNs produced Warning in dnorm(x, mean = mu, sd = sigma, log = TRUE) : NaNs produced Warning in dnorm(x, mean = mu, sd = sigma, log = TRUE) : NaNs produced Warning in dnorm(x, mean = mu, sd = sigma, log = TRUE) : NaNs produced Warning in dnorm(x, mean = mu, sd = sigma, log = TRUE) : NaNs produced Warning in dnorm(x, mean = mu, sd = sigma, log = TRUE) : NaNs produced Warning in dnorm(x, mean = mu, sd = sigma, log = TRUE) : NaNs produced Warning in dnorm(x, mean = mu, sd = sigma, log = TRUE) : NaNs produced Warning in dnorm(x, mean = mu, sd = sigma, log = TRUE) : NaNs produced Warning in dnorm(x, mean = mu, sd = sigma, log = TRUE) : NaNs produced Warning in dnorm(x, mean = mu, sd = sigma, log = TRUE) : NaNs produced Warning in dnorm(x, mean = mu, sd = sigma, log = TRUE) : NaNs produced Warning in dnorm(x, mean = mu, sd = sigma, log = TRUE) : NaNs produced Warning in dnorm(x, mean = mu, sd = sigma, log = TRUE) : NaNs produced Warning in dnorm(x, mean = mu, sd = sigma, log = TRUE) : NaNs produced Warning in dnorm(x, mean = mu, sd = sigma, log = TRUE) : NaNs produced Warning in dnorm(x, mean = mu, sd = sigma, log = TRUE) : NaNs produced Warning in dnorm(x, mean = mu, sd = sigma, log = TRUE) : NaNs produced Warning in dnorm(x, mean = mu, sd = sigma, log = TRUE) : NaNs produced Warning in dnorm(x, mean = mu, sd = sigma, log = TRUE) : NaNs produced Warning in sqrt(diag(vc)) : NaNs produced Warning in sqrt(diag(vc)) : NaNs produced Warning in dnorm(x, mean = mu, sd = sigma, log = TRUE) : NaNs produced Warning in dnorm(x, mean = mu, sd = sigma, log = TRUE) : NaNs produced Warning in dnorm(x, mean = mu, sd = sigma, log = TRUE) : NaNs produced Warning in dnorm(x, mean = mu, sd = sigma, log = TRUE) : NaNs produced Warning in dnorm(x, mean = mu, sd = sigma, log = TRUE) : NaNs produced Warning in dnorm(x, mean = mu, sd = sigma, log = TRUE) : NaNs produced Warning in dnorm(x, mean = mu, sd = sigma, log = TRUE) : NaNs produced Warning in dnorm(x, mean = mu, sd = sigma, log = TRUE) : NaNs produced Warning in dnorm(x, mean = mu, sd = sigma, log = TRUE) : NaNs produced Warning in dnorm(x, mean = mu, sd = sigma, log = TRUE) : NaNs produced Warning in dnorm(x, mean = mu, sd = sigma, log = TRUE) : NaNs produced Warning in dnorm(x, mean = mu, sd = sigma, log = TRUE) : NaNs produced Warning in dnorm(x, mean = mu, sd = sigma, log = TRUE) : NaNs produced Warning in dnorm(x, mean = mu, sd = sigma, log = TRUE) : NaNs produced Warning in dnorm(x, mean = mu, sd = sigma, log = TRUE) : NaNs produced Warning in dnorm(x, mean = mu, sd = sigma, log = TRUE) : NaNs produced Warning in dnorm(x, mean = mu, sd = sigma, log = TRUE) : NaNs produced Warning in dnorm(x, mean = mu, sd = sigma, log = TRUE) : NaNs produced Warning in dnorm(x, mean = mu, sd = sigma, log = TRUE) : NaNs produced Warning in dnorm(x, mean = mu, sd = sigma, log = TRUE) : NaNs produced Warning in dnorm(x, mean = mu, sd = sigma, log = TRUE) : NaNs produced Warning in dnorm(x, mean = mu, sd = sigma, log = TRUE) : NaNs produced Warning in dnorm(x, mean = mu, sd = sigma, log = TRUE) : NaNs produced Warning in dnorm(x, mean = mu, sd = sigma, log = TRUE) : NaNs produced Warning in dnorm(x, mean = mu, sd = sigma, log = TRUE) : NaNs produced Warning in dnorm(x, mean = mu, sd = sigma, log = TRUE) : NaNs produced Warning in sqrt(diag(vc)) : NaNs produced Warning in sqrt(diag(vc)) : NaNs produced Error: processing vignette 'using-maxlik.Rnw' failed with diagnostics: Running 'texi2dvi' on 'using-maxlik.tex' failed. LaTeX errors: !pdfTeX error: pdflatex (file bbm10): Font bbm10 at 600 not found ==> Fatal error occurred, no output PDF file produced! --- failed re-building ‘using-maxlik.Rnw’ SUMMARY: processing the following file failed: ‘using-maxlik.Rnw’ Error: Vignette re-building failed. Execution halted Flavor: r-release-macos-arm64

Version: 1.5-2.1
Check: re-building of vignette outputs
Result: NOTE Error(s) in re-building vignettes: --- re-building ‘intro-to-maximum-likelihood.Rnw’ using Sweave Loading required package: miscTools Please cite the 'maxLik' package as: Henningsen, Arne and Toomet, Ott (2011). maxLik: A package for maximum likelihood estimation in R. Computational Statistics 26(3), 443-458. DOI 10.1007/s00180-010-0217-1. If you have questions, suggestions, or comments regarding the 'maxLik' package, please use a forum or 'tracker' at maxLik's R-Forge site: https://r-forge.r-project.org/projects/maxlik/ Warning in log(sigma) : NaNs produced Loading required package: plot3D --- finished re-building ‘intro-to-maximum-likelihood.Rnw’ --- re-building ‘stochastic-gradient-maxLik.Rnw’ using Sweave Loading required package: miscTools Please cite the 'maxLik' package as: Henningsen, Arne and Toomet, Ott (2011). maxLik: A package for maximum likelihood estimation in R. Computational Statistics 26(3), 443-458. DOI 10.1007/s00180-010-0217-1. If you have questions, suggestions, or comments regarding the 'maxLik' package, please use a forum or 'tracker' at maxLik's R-Forge site: https://r-forge.r-project.org/projects/maxlik/ --- finished re-building ‘stochastic-gradient-maxLik.Rnw’ --- re-building ‘using-maxlik.Rnw’ using Sweave Loading required package: miscTools Please cite the 'maxLik' package as: Henningsen, Arne and Toomet, Ott (2011). maxLik: A package for maximum likelihood estimation in R. Computational Statistics 26(3), 443-458. DOI 10.1007/s00180-010-0217-1. If you have questions, suggestions, or comments regarding the 'maxLik' package, please use a forum or 'tracker' at maxLik's R-Forge site: https://r-forge.r-project.org/projects/maxlik/ Warning in dnorm(x, mean = mu, sd = sigma, log = TRUE) : NaNs produced Warning in dnorm(x, mean = mu, sd = sigma, log = TRUE) : NaNs produced Warning in dnorm(x, mean = mu, sd = sigma, log = TRUE) : NaNs produced Warning in dnorm(x, mean = mu, sd = sigma, log = TRUE) : NaNs produced Warning in dnorm(x, mean = mu, sd = sigma, log = TRUE) : NaNs produced Warning in dnorm(x, mean = mu, sd = sigma, log = TRUE) : NaNs produced Warning in dnorm(x, mean = mu, sd = sigma, log = TRUE) : NaNs produced Warning in dnorm(x, mean = mu, sd = sigma, log = TRUE) : NaNs produced Warning in dnorm(x, mean = mu, sd = sigma, log = TRUE) : NaNs produced Warning in dnorm(x, mean = mu, sd = sigma, log = TRUE) : NaNs produced Warning in dnorm(x, mean = mu, sd = sigma, log = TRUE) : NaNs produced Warning in dnorm(x, mean = mu, sd = sigma, log = TRUE) : NaNs produced Warning in dnorm(x, mean = mu, sd = sigma, log = TRUE) : NaNs produced Warning in dnorm(x, mean = mu, sd = sigma, log = TRUE) : NaNs produced Warning in dnorm(x, mean = mu, sd = sigma, log = TRUE) : NaNs produced Warning in dnorm(x, mean = mu, sd = sigma, log = TRUE) : NaNs produced Warning in dnorm(x, mean = mu, sd = sigma, log = TRUE) : NaNs produced Warning in dnorm(x, mean = mu, sd = sigma, log = TRUE) : NaNs produced Warning in dnorm(x, mean = mu, sd = sigma, log = TRUE) : NaNs produced Warning in dnorm(x, mean = mu, sd = sigma, log = TRUE) : NaNs produced Warning in dnorm(x, mean = mu, sd = sigma, log = TRUE) : NaNs produced Warning in dnorm(x, mean = mu, sd = sigma, log = TRUE) : NaNs produced Warning in dnorm(x, mean = mu, sd = sigma, log = TRUE) : NaNs produced Warning in sqrt(diag(vc)) : NaNs produced Warning in sqrt(diag(vc)) : NaNs produced Warning in dnorm(x, mean = mu, sd = sigma, log = TRUE) : NaNs produced Warning in dnorm(x, mean = mu, sd = sigma, log = TRUE) : NaNs produced Warning in dnorm(x, mean = mu, sd = sigma, log = TRUE) : NaNs produced Warning in dnorm(x, mean = mu, sd = sigma, log = TRUE) : NaNs produced Warning in dnorm(x, mean = mu, sd = sigma, log = TRUE) : NaNs produced Warning in dnorm(x, mean = mu, sd = sigma, log = TRUE) : NaNs produced Warning in dnorm(x, mean = mu, sd = sigma, log = TRUE) : NaNs produced Warning in dnorm(x, mean = mu, sd = sigma, log = TRUE) : NaNs produced Warning in dnorm(x, mean = mu, sd = sigma, log = TRUE) : NaNs produced Warning in dnorm(x, mean = mu, sd = sigma, log = TRUE) : NaNs produced Warning in dnorm(x, mean = mu, sd = sigma, log = TRUE) : NaNs produced Warning in dnorm(x, mean = mu, sd = sigma, log = TRUE) : NaNs produced Warning in dnorm(x, mean = mu, sd = sigma, log = TRUE) : NaNs produced Warning in dnorm(x, mean = mu, sd = sigma, log = TRUE) : NaNs produced Warning in dnorm(x, mean = mu, sd = sigma, log = TRUE) : NaNs produced Warning in dnorm(x, mean = mu, sd = sigma, log = TRUE) : NaNs produced Warning in dnorm(x, mean = mu, sd = sigma, log = TRUE) : NaNs produced Warning in dnorm(x, mean = mu, sd = sigma, log = TRUE) : NaNs produced Warning in dnorm(x, mean = mu, sd = sigma, log = TRUE) : NaNs produced Warning in dnorm(x, mean = mu, sd = sigma, log = TRUE) : NaNs produced Warning in dnorm(x, mean = mu, sd = sigma, log = TRUE) : NaNs produced Warning in dnorm(x, mean = mu, sd = sigma, log = TRUE) : NaNs produced Warning in dnorm(x, mean = mu, sd = sigma, log = TRUE) : NaNs produced Warning in dnorm(x, mean = mu, sd = sigma, log = TRUE) : NaNs produced Warning in dnorm(x, mean = mu, sd = sigma, log = TRUE) : NaNs produced Warning in dnorm(x, mean = mu, sd = sigma, log = TRUE) : NaNs produced Warning in sqrt(diag(vc)) : NaNs produced Warning in sqrt(diag(vc)) : NaNs produced Error: processing vignette 'using-maxlik.Rnw' failed with diagnostics: Running 'texi2dvi' on 'using-maxlik.tex' failed. LaTeX errors: !pdfTeX error: pdflatex (file bbm10): Font bbm10 at 600 not found ==> Fatal error occurred, no output PDF file produced! --- failed re-building ‘using-maxlik.Rnw’ SUMMARY: processing the following file failed: ‘using-maxlik.Rnw’ Error: Vignette re-building failed. Execution halted Flavor: r-oldrel-macos-arm64