Last updated on 2022-05-15 22:51:41 CEST.
Flavor | Version | Tinstall | Tcheck | Ttotal | Status | Flags |
---|---|---|---|---|---|---|
r-devel-linux-x86_64-debian-clang | 1.0.0 | 25.43 | 70.09 | 95.52 | NOTE | |
r-devel-linux-x86_64-debian-gcc | 1.0.0 | 19.98 | 53.28 | 73.26 | NOTE | |
r-devel-linux-x86_64-fedora-clang | 1.0.0 | 127.15 | NOTE | |||
r-devel-linux-x86_64-fedora-gcc | 1.0.0 | 111.49 | NOTE | |||
r-devel-windows-x86_64 | 1.0.0 | 35.00 | 104.00 | 139.00 | NOTE | |
r-patched-linux-x86_64 | 1.0.0 | 19.94 | 66.41 | 86.35 | NOTE | |
r-release-linux-x86_64 | 1.0.0 | 19.59 | 65.71 | 85.30 | NOTE | |
r-release-macos-arm64 | 1.0.0 | 33.00 | NOTE | |||
r-release-macos-x86_64 | 1.0.0 | 51.00 | NOTE | |||
r-release-windows-x86_64 | 1.0.0 | 29.00 | 109.00 | 138.00 | NOTE | |
r-oldrel-macos-arm64 | 1.0.0 | 42.00 | NOTE | |||
r-oldrel-macos-x86_64 | 1.0.0 | 76.00 | NOTE | |||
r-oldrel-windows-ix86+x86_64 | 1.0.0 | 55.00 | 134.00 | 189.00 | NOTE |
Version: 1.0.0
Check: LazyData
Result: NOTE
'LazyData' is specified without a 'data' directory
Flavors: r-devel-linux-x86_64-debian-clang, r-devel-linux-x86_64-debian-gcc, r-devel-linux-x86_64-fedora-clang, r-devel-linux-x86_64-fedora-gcc, r-devel-windows-x86_64, r-patched-linux-x86_64, r-release-linux-x86_64, r-release-macos-arm64, r-release-macos-x86_64, r-release-windows-x86_64, r-oldrel-macos-arm64, r-oldrel-macos-x86_64, r-oldrel-windows-ix86+x86_64
Version: 1.0.0
Check: dependencies in R code
Result: NOTE
Namespace in Imports field not imported from: ‘stats’
All declared Imports should be used.
Flavors: r-devel-linux-x86_64-fedora-clang, r-devel-linux-x86_64-fedora-gcc, r-release-macos-arm64, r-release-macos-x86_64, r-oldrel-macos-arm64, r-oldrel-macos-x86_64