CRAN Package Check Results for Package mazeinda

Last updated on 2022-05-16 22:52:16 CEST.

Flavor Version Tinstall Tcheck Ttotal Status Flags
r-devel-linux-x86_64-debian-clang 0.0.2 2.72 35.98 38.70 OK --no-vignettes
r-devel-linux-x86_64-debian-gcc 0.0.2 1.90 27.98 29.88 OK --no-vignettes
r-devel-linux-x86_64-fedora-clang 0.0.2 1003.47 OK
r-devel-linux-x86_64-fedora-gcc 0.0.2 815.69 OK
r-devel-windows-x86_64 0.0.2 16.00 783.00 799.00 NOTE
r-patched-linux-x86_64 0.0.2 2.86 35.27 38.13 OK --no-vignettes
r-release-linux-x86_64 0.0.2 2.56 34.39 36.95 OK --no-vignettes
r-release-macos-arm64 0.0.2 174.00 OK
r-release-macos-x86_64 0.0.2 288.00 OK
r-release-windows-x86_64 0.0.2 15.00 832.00 847.00 NOTE
r-oldrel-macos-arm64 0.0.2 172.00 OK
r-oldrel-macos-x86_64 0.0.2 239.00 OK
r-oldrel-windows-ix86+x86_64 0.0.2 6.00 1013.00 1019.00 NOTE

Check Details

Version: 0.0.2
Check: package dependencies
Result: NOTE
    Package suggested but not available for checking: 'doMC'
Flavors: r-devel-windows-x86_64, r-release-windows-x86_64, r-oldrel-windows-ix86+x86_64