CRAN Package Check Results for Package mcStats

Last updated on 2022-01-17 22:54:43 CET.

Flavor Version Tinstall Tcheck Ttotal Status Flags
r-devel-linux-x86_64-debian-clang 0.1.2 5.59 73.00 78.59 NOTE
r-devel-linux-x86_64-debian-gcc 0.1.2 4.23 55.85 60.08 NOTE
r-devel-linux-x86_64-fedora-clang 0.1.2 94.77 NOTE
r-devel-linux-x86_64-fedora-gcc 0.1.2 81.56 NOTE
r-devel-windows-x86_64-new-UL 0.1.2 40.00 97.00 137.00 NOTE
r-devel-windows-x86_64-new-TK 0.1.2 NOTE
r-patched-linux-x86_64 0.1.2 4.61 68.12 72.73 NOTE
r-release-linux-x86_64 0.1.2 NOTE
r-release-macos-arm64 0.1.2 NOTE
r-release-macos-x86_64 0.1.2 NOTE
r-release-windows-ix86+x86_64 0.1.2 16.00 83.00 99.00 NOTE
r-oldrel-macos-x86_64 0.1.2 OK
r-oldrel-windows-ix86+x86_64 0.1.2 14.00 87.00 101.00 OK

Check Details

Version: 0.1.2
Check: LazyData
Result: NOTE
     'LazyData' is specified without a 'data' directory
Flavors: r-devel-linux-x86_64-debian-clang, r-devel-linux-x86_64-debian-gcc, r-devel-linux-x86_64-fedora-clang, r-devel-linux-x86_64-fedora-gcc, r-devel-windows-x86_64-new-UL, r-devel-windows-x86_64-new-TK, r-patched-linux-x86_64, r-release-linux-x86_64, r-release-macos-arm64, r-release-macos-x86_64, r-release-windows-ix86+x86_64