CRAN Package Check Results for Package mcp

Last updated on 2024-02-24 21:40:25 CET.

Flavor Version Tinstall Tcheck Ttotal Status Flags
r-devel-linux-x86_64-debian-clang 0.3.3 13.09 239.64 252.73 NOTE
r-devel-linux-x86_64-debian-gcc 0.3.3 7.84 201.86 209.70 NOTE
r-devel-linux-x86_64-fedora-clang 0.3.3 301.76 NOTE
r-devel-linux-x86_64-fedora-gcc 0.3.3 309.31 NOTE
r-devel-windows-x86_64 0.3.3 11.00 182.00 193.00 NOTE
r-patched-linux-x86_64 0.3.3 11.37 228.58 239.95 OK
r-release-linux-x86_64 0.3.3 6.86 229.00 235.86 OK
r-release-macos-arm64 0.3.3 91.00 OK
r-release-macos-x86_64 0.3.3 165.00 OK
r-release-windows-x86_64 0.3.3 14.00 223.00 237.00 OK
r-oldrel-macos-arm64 0.3.3 93.00 OK
r-oldrel-windows-x86_64 0.3.3 16.00 232.00 248.00 OK

Check Details

Version: 0.3.3
Check: Rd \usage sections
Result: NOTE Documented arguments not in \usage in Rd file 'geom_cp_density.Rd': ‘include’ Documented arguments not in \usage in Rd file 'get_simulate.Rd': ‘par_trials’ ‘pars_pop’ ‘pars_varying’ Documented arguments not in \usage in Rd file 'pp_eval.Rd': ‘...’ Functions with \usage entries need to have the appropriate \alias entries, and all their arguments documented. The \usage entries must correspond to syntactically valid R code. See chapter ‘Writing R documentation files’ in the ‘Writing R Extensions’ manual. Flavors: r-devel-linux-x86_64-debian-clang, r-devel-linux-x86_64-debian-gcc, r-devel-linux-x86_64-fedora-clang, r-devel-linux-x86_64-fedora-gcc, r-devel-windows-x86_64