CRAN Package Check Results for Package mdendro

Last updated on 2021-11-28 22:51:19 CET.

Flavor Version Tinstall Tcheck Ttotal Status Flags
r-devel-linux-x86_64-debian-clang 2.1.0 OK
r-devel-linux-x86_64-debian-gcc 2.1.0 19.26 38.92 58.18 OK
r-devel-linux-x86_64-fedora-clang 2.1.0 126.85 OK
r-devel-linux-x86_64-fedora-gcc 2.1.0 97.65 OK
r-devel-windows-x86_64-new-UL 2.1.0 51.00 125.00 176.00 OK
r-devel-windows-x86_64-new-TK 2.1.0 OK
r-devel-windows-x86_64-old 2.1.0 34.00 83.00 117.00 OK
r-patched-linux-x86_64 2.1.0 24.65 46.77 71.42 OK
r-patched-solaris-x86 2.1.0 279.80 ERROR
r-release-linux-x86_64 2.1.0 22.93 46.38 69.31 OK
r-release-macos-arm64 2.1.0 OK
r-release-macos-x86_64 2.1.0 OK
r-release-windows-ix86+x86_64 2.1.0 77.00 75.00 152.00 OK
r-oldrel-macos-x86_64 2.1.0 OK
r-oldrel-windows-ix86+x86_64 2.1.0 61.00 95.00 156.00 OK

Check Details

Version: 2.1.0
Check: examples
Result: ERROR
    Running examples in ‘mdendro-Ex.R’ failed
    The error most likely occurred in:
    
    > ### Name: linkage
    > ### Title: Extended Agglomerative Hierarchical Clustering
    > ### Aliases: linkage descplot
    > ### Keywords: cluster
    >
    > ### ** Examples
    >
    > ## Plot and summary of unweighted arithmetic linkage (UPGMA) dendrogram
    > lnk1 <- linkage(UScitiesD)
    > plot(lnk1)
    > summary(lnk1)
    Call:
    linkage(prox = UScitiesD,
     type.prox = "distance",
     digits = 0,
     method = "arithmetic",
     weighted = FALSE,
     group = "variable")
    
    Binary dendrogram: TRUE
    
    Descriptive measures:
     cor sdr ac cc tb
    0.8101937 0.6998814 0.7059747 0.3055556 0.9316262
    >
    > ## Linkage of similarity data (non-negative correlations)
    > sim <- as.dist(cor(EuStockMarkets))
    > lnk2 <- linkage(sim, type.prox = "similarity")
    Error in rcppLinkage(prox = as.numeric(prox), isDistance = as.logical(type.prox == :
     std::bad_alloc
    Calls: linkage -> rcppLinkage
    Execution halted
Flavor: r-patched-solaris-x86