CRAN Package Check Results for Package mdir.logrank

Last updated on 2022-01-20 22:54:08 CET.

Flavor Version Tinstall Tcheck Ttotal Status Flags
r-devel-linux-x86_64-debian-clang 0.0.4 NOTE
r-devel-linux-x86_64-debian-gcc 0.0.4 2.12 32.20 34.32 NOTE
r-devel-linux-x86_64-fedora-clang 0.0.4 55.46 NOTE
r-devel-linux-x86_64-fedora-gcc 0.0.4 42.73 NOTE
r-devel-windows-x86_64-new-UL 0.0.4 55.00 62.00 117.00 NOTE
r-devel-windows-x86_64-new-TK 0.0.4 NOTE
r-patched-linux-x86_64 0.0.4 2.31 40.93 43.24 NOTE
r-release-linux-x86_64 0.0.4 2.48 39.59 42.07 NOTE
r-release-macos-arm64 0.0.4 NOTE
r-release-macos-x86_64 0.0.4 NOTE
r-release-windows-ix86+x86_64 0.0.4 6.00 47.00 53.00 NOTE
r-oldrel-macos-x86_64 0.0.4 OK
r-oldrel-windows-ix86+x86_64 0.0.4 7.00 49.00 56.00 OK

Check Details

Version: 0.0.4
Check: package dependencies
Result: NOTE
    Package suggested but not available for checking: 'RGtk2'
Flavors: r-devel-linux-x86_64-debian-clang, r-devel-linux-x86_64-debian-gcc, r-devel-linux-x86_64-fedora-clang, r-devel-linux-x86_64-fedora-gcc, r-devel-windows-x86_64-new-TK, r-patched-linux-x86_64, r-release-linux-x86_64, r-release-macos-arm64

Version: 0.0.4
Check: LazyData
Result: NOTE
     'LazyData' is specified without a 'data' directory
Flavors: r-devel-linux-x86_64-debian-clang, r-devel-linux-x86_64-debian-gcc, r-devel-linux-x86_64-fedora-clang, r-devel-linux-x86_64-fedora-gcc, r-devel-windows-x86_64-new-UL, r-devel-windows-x86_64-new-TK, r-patched-linux-x86_64, r-release-linux-x86_64, r-release-macos-arm64, r-release-macos-x86_64, r-release-windows-ix86+x86_64