CRAN Package Check Results for Package mdsr

Last updated on 2022-01-20 22:54:08 CET.

Flavor Version Tinstall Tcheck Ttotal Status Flags
r-devel-linux-x86_64-debian-clang 0.2.5 OK
r-devel-linux-x86_64-debian-gcc 0.2.5 35.22 71.52 106.74 OK
r-devel-linux-x86_64-fedora-clang 0.2.5 171.81 NOTE
r-devel-linux-x86_64-fedora-gcc 0.2.5 156.33 NOTE
r-devel-windows-x86_64-new-UL 0.2.5 73.00 120.00 193.00 OK
r-devel-windows-x86_64-new-TK 0.2.5 NOTE
r-patched-linux-x86_64 0.2.5 42.85 88.41 131.26 OK
r-release-linux-x86_64 0.2.5 39.20 87.76 126.96 OK
r-release-macos-arm64 0.2.5 NOTE
r-release-macos-x86_64 0.2.5 NOTE
r-release-windows-ix86+x86_64 0.2.5 64.00 114.00 178.00 OK
r-oldrel-macos-x86_64 0.2.5 NOTE
r-oldrel-windows-ix86+x86_64 0.2.5 63.00 117.00 180.00 OK

Check Details

Version: 0.2.5
Check: data for non-ASCII characters
Result: NOTE
     Note: found 2866 marked UTF-8 strings
Flavors: r-devel-linux-x86_64-fedora-clang, r-devel-linux-x86_64-fedora-gcc, r-devel-windows-x86_64-new-TK, r-release-macos-arm64, r-release-macos-x86_64, r-oldrel-macos-x86_64

Version: 0.2.5
Check: installed package size
Result: NOTE
     installed size is 5.2Mb
     sub-directories of 1Mb or more:
     data 5.0Mb
Flavor: r-release-macos-arm64