CRAN Package Check Results for Package memgene

Last updated on 2022-01-26 22:54:55 CET.

Flavor Version Tinstall Tcheck Ttotal Status Flags
r-devel-linux-x86_64-debian-clang 1.0.1 39.00 327.48 366.48 NOTE
r-devel-linux-x86_64-debian-gcc 1.0.1 28.57 248.44 277.01 NOTE
r-devel-linux-x86_64-fedora-clang 1.0.1 405.71 NOTE
r-devel-linux-x86_64-fedora-gcc 1.0.1 432.96 NOTE
r-devel-windows-x86_64-new-UL 1.0.1 56.00 334.00 390.00 NOTE
r-devel-windows-x86_64-new-TK 1.0.1 NOTE
r-patched-linux-x86_64 1.0.1 34.70 293.60 328.30 NOTE
r-release-linux-x86_64 1.0.1 28.19 292.51 320.70 NOTE
r-release-macos-arm64 1.0.1 NOTE
r-release-macos-x86_64 1.0.1 NOTE
r-release-windows-ix86+x86_64 1.0.1 69.00 308.00 377.00 NOTE
r-oldrel-macos-x86_64 1.0.1 NOTE
r-oldrel-windows-ix86+x86_64 1.0.1 71.00 325.00 396.00 NOTE

Check Details

Version: 1.0.1
Check: dependencies in R code
Result: NOTE
    'library' or 'require' calls in package code:
     'adegenet' 'geosphere'
     Please use :: or requireNamespace() instead.
     See section 'Suggested packages' in the 'Writing R Extensions' manual.
Flavors: r-devel-linux-x86_64-debian-clang, r-devel-linux-x86_64-debian-gcc, r-devel-linux-x86_64-fedora-clang, r-devel-linux-x86_64-fedora-gcc, r-devel-windows-x86_64-new-UL, r-devel-windows-x86_64-new-TK, r-patched-linux-x86_64, r-release-linux-x86_64, r-release-macos-arm64, r-release-macos-x86_64, r-release-windows-ix86+x86_64, r-oldrel-macos-x86_64, r-oldrel-windows-ix86+x86_64

Version: 1.0.1
Check: R code for possible problems
Result: NOTE
    codomToPropShared: no visible global function definition for
     'df2genind'
    codomToPropShared: no visible global function definition for
     'propShared'
    mgLandscape: no visible global function definition for 'SpatialPoints'
    mgQuick: no visible global function definition for 'distm'
    mgQuick: no visible binding for global variable 'distMeeus'
    Undefined global functions or variables:
     SpatialPoints df2genind distMeeus distm propShared
Flavors: r-devel-linux-x86_64-debian-clang, r-devel-linux-x86_64-debian-gcc, r-devel-linux-x86_64-fedora-clang, r-devel-linux-x86_64-fedora-gcc, r-devel-windows-x86_64-new-UL, r-devel-windows-x86_64-new-TK, r-patched-linux-x86_64, r-release-linux-x86_64, r-release-macos-arm64, r-release-macos-x86_64, r-release-windows-ix86+x86_64, r-oldrel-macos-x86_64, r-oldrel-windows-ix86+x86_64