CRAN Package Check Results for Package messaging

Last updated on 2022-05-20 22:53:15 CEST.

Flavor Version Tinstall Tcheck Ttotal Status Flags
r-devel-linux-x86_64-debian-clang 0.1.0 4.52 60.23 64.75 NOTE
r-devel-linux-x86_64-debian-gcc 0.1.0 4.22 44.88 49.10 NOTE
r-devel-linux-x86_64-fedora-clang 0.1.0 76.47 NOTE
r-devel-linux-x86_64-fedora-gcc 0.1.0 74.72 NOTE
r-devel-windows-x86_64 0.1.0 11.00 71.00 82.00 NOTE
r-patched-linux-x86_64 0.1.0 3.85 56.35 60.20 NOTE
r-release-linux-x86_64 0.1.0 4.13 55.81 59.94 NOTE
r-release-macos-arm64 0.1.0 23.00 NOTE
r-release-macos-x86_64 0.1.0 42.00 NOTE
r-release-windows-x86_64 0.1.0 12.00 73.00 85.00 NOTE
r-oldrel-macos-arm64 0.1.0 26.00 NOTE
r-oldrel-macos-x86_64 0.1.0 39.00 NOTE
r-oldrel-windows-ix86+x86_64 0.1.0 13.00 67.00 80.00 NOTE

Check Details

Version: 0.1.0
Check: LazyData
Result: NOTE
     'LazyData' is specified without a 'data' directory
Flavors: r-devel-linux-x86_64-debian-clang, r-devel-linux-x86_64-debian-gcc, r-devel-linux-x86_64-fedora-clang, r-devel-linux-x86_64-fedora-gcc, r-devel-windows-x86_64, r-patched-linux-x86_64, r-release-linux-x86_64, r-release-macos-arm64, r-release-macos-x86_64, r-release-windows-x86_64, r-oldrel-macos-arm64, r-oldrel-macos-x86_64, r-oldrel-windows-ix86+x86_64