CRAN Package Check Results for Package metaEnsembleR

Last updated on 2022-01-26 22:54:55 CET.

Flavor Version Tinstall Tcheck Ttotal Status Flags
r-devel-linux-x86_64-debian-clang 0.1.0 2.41 38.30 40.71 OK
r-devel-linux-x86_64-debian-gcc 0.1.0 1.95 29.76 31.71 OK
r-devel-linux-x86_64-fedora-clang 0.1.0 50.81 NOTE
r-devel-linux-x86_64-fedora-gcc 0.1.0 38.84 NOTE
r-devel-windows-x86_64-new-UL 0.1.0 47.00 57.00 104.00 OK
r-devel-windows-x86_64-new-TK 0.1.0 NOTE
r-patched-linux-x86_64 0.1.0 2.61 36.14 38.75 OK
r-release-linux-x86_64 0.1.0 1.63 35.97 37.60 OK
r-release-macos-arm64 0.1.0 NOTE
r-release-macos-x86_64 0.1.0 NOTE
r-release-windows-ix86+x86_64 0.1.0 7.00 46.00 53.00 OK
r-oldrel-macos-x86_64 0.1.0 NOTE
r-oldrel-windows-ix86+x86_64 0.1.0 7.00 45.00 52.00 OK

Check Details

Version: 0.1.0
Check: dependencies in R code
Result: NOTE
    Namespaces in Imports field not imported from:
     ‘e1071’ ‘gbm’ ‘ggplot2’ ‘graphics’ ‘randomForest’
     All declared Imports should be used.
Flavors: r-devel-linux-x86_64-fedora-clang, r-devel-linux-x86_64-fedora-gcc, r-devel-windows-x86_64-new-TK, r-release-macos-arm64, r-release-macos-x86_64, r-oldrel-macos-x86_64