CRAN Package Check Results for Package metabolic

Last updated on 2024-02-23 23:10:11 CET.

Flavor Version Tinstall Tcheck Ttotal Status Flags
r-devel-linux-x86_64-debian-clang 0.1.2 OK
r-devel-linux-x86_64-debian-gcc 0.1.2 12.18 81.88 94.06 OK
r-devel-linux-x86_64-fedora-clang 0.1.2 155.30 NOTE
r-devel-linux-x86_64-fedora-gcc 0.1.2 148.54 NOTE
r-devel-windows-x86_64 0.1.2 14.00 97.00 111.00 OK
r-patched-linux-x86_64 0.1.2 14.97 105.53 120.50 OK
r-release-linux-x86_64 0.1.2 11.33 105.09 116.42 OK
r-release-macos-arm64 0.1.2 47.00 OK
r-release-macos-x86_64 0.1.2 86.00 OK
r-release-windows-x86_64 0.1.2 18.00 116.00 134.00 OK
r-oldrel-macos-arm64 0.1.2 48.00 OK
r-oldrel-windows-x86_64 0.1.2 17.00 116.00 133.00 OK

Check Details

Version: 0.1.2
Check: data for non-ASCII characters
Result: NOTE Note: found 37 marked UTF-8 strings Flavors: r-devel-linux-x86_64-fedora-clang, r-devel-linux-x86_64-fedora-gcc