CRAN Package Check Results for Package metamicrobiomeR

Last updated on 2022-01-20 22:54:08 CET.

Flavor Version Tinstall Tcheck Ttotal Status Flags
r-devel-linux-x86_64-debian-clang 1.2 OK
r-devel-linux-x86_64-debian-gcc 1.2 10.82 140.15 150.97 OK
r-devel-linux-x86_64-fedora-clang 1.2 240.96 NOTE
r-devel-linux-x86_64-fedora-gcc 1.2 226.36 NOTE
r-devel-windows-x86_64-new-UL 1.2 125.00 207.00 332.00 OK
r-devel-windows-x86_64-new-TK 1.2 NOTE
r-patched-linux-x86_64 1.2 13.37 182.73 196.10 OK
r-release-linux-x86_64 1.2 10.79 181.21 192.00 OK
r-release-macos-arm64 1.2 NOTE
r-release-macos-x86_64 1.2 NOTE
r-release-windows-ix86+x86_64 1.2 31.00 214.00 245.00 OK
r-oldrel-macos-x86_64 1.2 NOTE
r-oldrel-windows-ix86+x86_64 1.2 30.00 221.00 251.00 OK

Check Details

Version: 1.2
Check: dependencies in R code
Result: NOTE
    Namespace in Imports field not imported from: ‘lmerTest’
     All declared Imports should be used.
Flavors: r-devel-linux-x86_64-fedora-clang, r-devel-linux-x86_64-fedora-gcc, r-devel-windows-x86_64-new-TK, r-release-macos-arm64, r-release-macos-x86_64, r-oldrel-macos-x86_64