CRAN Package Check Results for Package metapack

Last updated on 2022-05-17 22:51:32 CEST.

Flavor Version Tinstall Tcheck Ttotal Status Flags
r-devel-linux-x86_64-debian-clang 0.1.5 487.80 89.28 577.08 OK
r-devel-linux-x86_64-debian-gcc 0.1.5 394.73 69.64 464.37 OK
r-devel-linux-x86_64-fedora-clang 0.1.5 879.86 NOTE
r-devel-linux-x86_64-fedora-gcc 0.1.5 746.28 OK
r-devel-windows-x86_64 0.1.5 370.00 134.00 504.00 OK
r-patched-linux-x86_64 0.1.5 400.83 88.13 488.96 OK
r-release-linux-x86_64 0.1.5 389.33 88.89 478.22 OK
r-release-macos-arm64 0.1.5 182.00 NOTE
r-release-macos-x86_64 0.1.5 274.00 NOTE
r-release-windows-x86_64 0.1.5 323.00 128.00 451.00 OK
r-oldrel-macos-arm64 0.1.5 170.00 NOTE
r-oldrel-macos-x86_64 0.1.5 214.00 NOTE
r-oldrel-windows-ix86+x86_64 0.1.5 1083.00 138.00 1221.00 NOTE

Check Details

Version: 0.1.5
Check: installed package size
Result: NOTE
     installed size is 19.4Mb
     sub-directories of 1Mb or more:
     libs 19.0Mb
Flavors: r-devel-linux-x86_64-fedora-clang, r-release-macos-arm64, r-release-macos-x86_64, r-oldrel-macos-arm64, r-oldrel-macos-x86_64, r-oldrel-windows-ix86+x86_64