CRAN Package Check Results for Package metaviz

Last updated on 2022-01-28 23:00:42 CET.

Flavor Version Tinstall Tcheck Ttotal Status Flags
r-devel-linux-x86_64-debian-clang 0.3.1 9.68 190.47 200.15 OK
r-devel-linux-x86_64-debian-gcc 0.3.1 7.60 140.34 147.94 OK
r-devel-linux-x86_64-fedora-clang 0.3.1 221.57 OK
r-devel-linux-x86_64-fedora-gcc 0.3.1 211.12 OK
r-devel-windows-x86_64-new-UL 0.3.1 34.00 211.00 245.00 OK
r-devel-windows-x86_64-new-TK 0.3.1 ERROR
r-patched-linux-x86_64 0.3.1 9.24 157.23 166.47 OK
r-release-linux-x86_64 0.3.1 6.00 155.82 161.82 OK
r-release-macos-arm64 0.3.1 OK
r-release-macos-x86_64 0.3.1 OK
r-release-windows-ix86+x86_64 0.3.1 14.00 175.00 189.00 OK
r-oldrel-macos-x86_64 0.3.1 OK
r-oldrel-windows-ix86+x86_64 0.3.1 22.00 178.00 200.00 OK

Check Details

Version: 0.3.1
Check: package dependencies
Result: ERROR
    Package required but not available: 'ggpubr'
    
    See section 'The DESCRIPTION file' in the 'Writing R Extensions'
    manual.
Flavor: r-devel-windows-x86_64-new-TK