Last updated on 2022-05-21 22:58:18 CEST.
Flavor | Version | Tinstall | Tcheck | Ttotal | Status | Flags |
---|---|---|---|---|---|---|
r-devel-linux-x86_64-debian-clang | 1.0.0 | 4.68 | 59.46 | 64.14 | NOTE | |
r-devel-linux-x86_64-debian-gcc | 1.0.0 | 3.78 | 43.90 | 47.68 | NOTE | |
r-devel-linux-x86_64-fedora-clang | 1.0.0 | 73.85 | NOTE | |||
r-devel-linux-x86_64-fedora-gcc | 1.0.0 | 72.44 | NOTE | |||
r-devel-windows-x86_64 | 1.0.0 | 28.00 | 79.00 | 107.00 | NOTE | |
r-patched-linux-x86_64 | 1.0.0 | 5.53 | 55.28 | 60.81 | NOTE | |
r-release-linux-x86_64 | 1.0.0 | 3.71 | 55.91 | 59.62 | NOTE | |
r-release-macos-arm64 | 1.0.0 | 23.00 | NOTE | |||
r-release-macos-x86_64 | 1.0.0 | 37.00 | NOTE | |||
r-release-windows-x86_64 | 1.0.0 | 27.00 | 82.00 | 109.00 | NOTE | |
r-oldrel-macos-arm64 | 1.0.0 | 27.00 | NOTE | |||
r-oldrel-macos-x86_64 | 1.0.0 | 45.00 | NOTE | |||
r-oldrel-windows-ix86+x86_64 | 1.0.0 | 10.00 | 69.00 | 79.00 | NOTE |
Version: 1.0.0
Check: LazyData
Result: NOTE
'LazyData' is specified without a 'data' directory
Flavors: r-devel-linux-x86_64-debian-clang, r-devel-linux-x86_64-debian-gcc, r-devel-linux-x86_64-fedora-clang, r-devel-linux-x86_64-fedora-gcc, r-devel-windows-x86_64, r-patched-linux-x86_64, r-release-linux-x86_64, r-release-macos-arm64, r-release-macos-x86_64, r-release-windows-x86_64, r-oldrel-macos-arm64, r-oldrel-macos-x86_64, r-oldrel-windows-ix86+x86_64