CRAN Package Check Results for Package metro

Last updated on 2021-12-04 22:59:39 CET.

Flavor Version Tinstall Tcheck Ttotal Status Flags
r-devel-linux-x86_64-debian-clang 0.9.1 4.58 48.71 53.29 OK
r-devel-linux-x86_64-debian-gcc 0.9.1 3.45 38.08 41.53 OK
r-devel-linux-x86_64-fedora-clang 0.9.1 64.53 NOTE
r-devel-linux-x86_64-fedora-gcc 0.9.1 53.35 NOTE
r-devel-windows-x86_64-new-UL 0.9.1 14.00 85.00 99.00 OK
r-devel-windows-x86_64-new-TK 0.9.1 NOTE
r-devel-windows-x86_64-old 0.9.1 8.00 52.00 60.00 OK
r-patched-linux-x86_64 0.9.1 5.17 38.31 43.48 OK
r-release-linux-x86_64 0.9.1 3.30 38.06 41.36 OK
r-release-macos-arm64 0.9.1 NOTE
r-release-macos-x86_64 0.9.1 NOTE
r-release-windows-ix86+x86_64 0.9.1 13.00 60.00 73.00 OK
r-oldrel-macos-x86_64 0.9.1 NOTE
r-oldrel-windows-ix86+x86_64 0.9.1 12.00 72.00 84.00 OK

Check Details

Version: 0.9.1
Check: data for non-ASCII characters
Result: NOTE
     Note: found 1 marked UTF-8 string
Flavors: r-devel-linux-x86_64-fedora-clang, r-devel-linux-x86_64-fedora-gcc, r-devel-windows-x86_64-new-TK, r-release-macos-arm64, r-release-macos-x86_64, r-oldrel-macos-x86_64